{"id":241,"date":"2018-02-18T15:28:11","date_gmt":"2018-02-18T14:28:11","guid":{"rendered":"http:\/\/sithok.splet.arnes.si\/?page_id=241"},"modified":"2023-11-06T20:08:20","modified_gmt":"2023-11-06T19:08:20","slug":"vizitka","status":"publish","type":"page","link":"https:\/\/web.fs.uni-lj.si\/sithok\/vizitka\/","title":{"rendered":"Vizitka"},"content":{"rendered":"<p>[et_pb_section fb_built=&#8221;1&#8243; _builder_version=&#8221;4.23&#8243; _module_preset=&#8221;default&#8221; global_colors_info=&#8221;{}&#8221;][et_pb_row _builder_version=&#8221;4.23&#8243; _module_preset=&#8221;default&#8221; global_colors_info=&#8221;{}&#8221;][et_pb_column type=&#8221;4_4&#8243; _builder_version=&#8221;4.23&#8243; _module_preset=&#8221;default&#8221; global_colors_info=&#8221;{}&#8221;][et_pb_text _builder_version=&#8221;4.23&#8243; _module_preset=&#8221;default&#8221; global_colors_info=&#8221;{}&#8221;]<\/p>\n<h3>Slovensko dru\u0161tvo in\u017eenirjev za tehnologije hlajenja, ogrevanja in klimatizacije<\/h3>\n<p>&nbsp;<\/p>\n<h4>A\u0161ker\u010deva 6, 1000 Ljubljana<\/h4>\n<p>&nbsp;<\/p>\n<p>Telefon: +386-1-4771-200 <br \/>Fax: +386-1-2518-567 <br \/>e-mail: <a href=\"mailto:sithok@fs.uni-lj.si\">sithok@fs.uni-lj.si<\/a><\/p>\n<p>dav\u010dna \u0161tevilka: 56159218 <br \/>mati\u010dna \u0161tevilk: 5870763<\/p>\n<p>[\/et_pb_text][\/et_pb_column][\/et_pb_row][\/et_pb_section][et_pb_section fb_built=&#8221;1&#8243; theme_builder_area=&#8221;post_content&#8221; _builder_version=&#8221;4.23&#8243; _module_preset=&#8221;default&#8221;][\/et_pb_section][et_pb_section fb_built=&#8221;1&#8243; theme_builder_area=&#8221;post_content&#8221; _builder_version=&#8221;4.23&#8243; _module_preset=&#8221;default&#8221;][\/et_pb_section][et_pb_section fb_built=&#8221;1&#8243; theme_builder_area=&#8221;post_content&#8221; _builder_version=&#8221;4.23&#8243; _module_preset=&#8221;default&#8221;][\/et_pb_section]<\/p>\n","protected":false},"excerpt":{"rendered":"<p>Slovensko dru\u0161tvo in\u017eenirjev za tehnologije hlajenja, ogrevanja in klimatizacije &nbsp; A\u0161ker\u010deva 6, 1000 Ljubljana &nbsp; Telefon: +386-1-4771-200 Fax: +386-1-2518-567 e-mail: sithok@fs.uni-lj.si dav\u010dna \u0161tevilka: 56159218 mati\u010dna \u0161tevilk: 5870763<\/p>\n","protected":false},"author":1,"featured_media":0,"parent":0,"menu_order":0,"comment_status":"closed","ping_status":"closed","template":"","meta":{"_et_pb_use_builder":"on","_et_pb_old_content":"","_et_gb_content_width":"","footnotes":""},"class_list":["post-241","page","type-page","status-publish","hentry"],"_links":{"self":[{"href":"https:\/\/web.fs.uni-lj.si\/sithok\/wp-json\/wp\/v2\/pages\/241","targetHints":{"allow":["GET"]}}],"collection":[{"href":"https:\/\/web.fs.uni-lj.si\/sithok\/wp-json\/wp\/v2\/pages"}],"about":[{"href":"https:\/\/web.fs.uni-lj.si\/sithok\/wp-json\/wp\/v2\/types\/page"}],"author":[{"embeddable":true,"href":"https:\/\/web.fs.uni-lj.si\/sithok\/wp-json\/wp\/v2\/users\/1"}],"replies":[{"embeddable":true,"href":"https:\/\/web.fs.uni-lj.si\/sithok\/wp-json\/wp\/v2\/comments?post=241"}],"version-history":[{"count":3,"href":"https:\/\/web.fs.uni-lj.si\/sithok\/wp-json\/wp\/v2\/pages\/241\/revisions"}],"predecessor-version":[{"id":560,"href":"https:\/\/web.fs.uni-lj.si\/sithok\/wp-json\/wp\/v2\/pages\/241\/revisions\/560"}],"wp:attachment":[{"href":"https:\/\/web.fs.uni-lj.si\/sithok\/wp-json\/wp\/v2\/media?parent=241"}],"curies":[{"name":"wp","href":"https:\/\/api.w.org\/{rel}","templated":true}]}}