{"id":692,"date":"2019-01-15T12:02:16","date_gmt":"2019-01-15T11:02:16","guid":{"rendered":"https:\/\/web.fs.uni-lj.si\/LOSK\/?page_id=692"},"modified":"2019-01-15T12:20:12","modified_gmt":"2019-01-15T11:20:12","slug":"licenca","status":"publish","type":"page","link":"https:\/\/web.fs.uni-lj.si\/losk\/licenca\/","title":{"rendered":"Licenca"},"content":{"rendered":"\n<h2 class=\"wp-block-heading\" style=\"text-align:center\"><strong><em>PRIDOBITEV LICENCE<\/em><\/strong><\/h2>\n\n\n\n<p style=\"font-size:14px;text-align:left\">Kandidat vlo\u017ei vlogo za izdajo licence neodvisnega\nstrokovnjaka za izvajanje rednih pregledov klimatskih sistemov na Ministrstvu\nza infrastrukturo in prostor na obrazcu iz <a href=\"http:\/\/www.pisrs.si\/Pis.web\/npb\/2010-01-0205-p3.pdf\">priloge<\/a>, ki je sestavni del Pravilnika o usposabljanju,\nlicencah in registru licenc neodvisnih strokovnjakov za redne preglede\nklimatskih sistemov.<\/p>\n\n\n\n<p style=\"font-size:14px;text-align:left\">Vlogi za izdajo licence morajo biti prilo\u017eena dokazila o izpolnjevanju pogojev v skladu z zakonom, ki ureja u\u010dinkovito rabo in obnovljive vire energije, in fotografija kandidata.<\/p>\n\n\n\n<div class=\"wp-block-image\"><figure class=\"aligncenter\"><img decoding=\"async\" width=\"557\" height=\"95\" src=\"https:\/\/web.fs.uni-lj.si\/LOSK\/wp-content\/uploads\/2019\/01\/Licenca.png\" alt=\"\" class=\"wp-image-693\" srcset=\"https:\/\/web.fs.uni-lj.si\/losk\/wp-content\/uploads\/2019\/01\/Licenca.png 557w, https:\/\/web.fs.uni-lj.si\/losk\/wp-content\/uploads\/2019\/01\/Licenca-300x51.png 300w\" sizes=\"(max-width: 557px) 100vw, 557px\" \/><\/figure><\/div>\n\n\n\n<p style=\"font-size:14px\">Celotna vloga <em><strong>mora vsebovati<\/strong><\/em>:<\/p>\n\n\n\n<ul class=\"wp-block-list\"><li><p style=\"font-size:13px\">vlogo za izdajo licence neodvisnega strokovnjaka za izvajanje rednih pregledov klimatskih sistemov (obrazec <a rel=\"noreferrer noopener\" aria-label=\"Priloga 3 (opens in a new tab)\" href=\"https:\/\/web.fs.uni-lj.si\/LOSK\/wp-content\/uploads\/2018\/02\/2010-01-0205-p31.pdf\" target=\"_blank\">Priloga 3<\/a>)<\/p><\/li><li><p style=\"font-size:13px\">fotokopijo potrdila o pridobljeni ustrezni izobrazbi<\/p><\/li><li><p style=\"font-size:13px\">fotokopijo delovne knji\u017eice oziroma pogodbe o zaposlitvi ali ustrezno drugo pravno listino, iz katere je razvidno, da ima vlagatelj \/ vlagateljica najmanj 2 leti delovnih izku\u0161enj na svojem strokovnem podro\u010dju (razvidno mora biti trajanje obdobja; v kolikor zaposlitev ni bila prekinjena, npr. delovna knji\u017eica, prosim, predlo\u017eite izjavo podjetja, da ste neprekinjeno zaposleni v podjetju od xx.xx.xxxx do yy.yy.yyyy),<\/p><\/li><li><p style=\"font-size:13px\">kopijo potrdila o uspe\u0161no opravljenem preizkusu znanja, ki ste ga dobili po opravljenem ustnem izpitu <\/p><\/li><li><p style=\"font-size:13px\">fotografijo (30 x 24 mm; prosimo, da fotografijo na dokument \u2013 vlogo pritrdite).<\/p><\/li><\/ul>\n\n\n\n<p style=\"font-size:14px\">Ko ministrstvo ugotovi, da so izpolnjeni vsi pogoji za pridobitev licence, vlagatelju izda odlo\u010dbo o izdaji licence. <strong><em>Odlo\u010dba o izdaji licence vsebuje naslednje podatke:<\/em><\/strong><\/p>\n\n\n\n<ul><li><p style=\"font-size:13px\">osebno ime vlagatelja,<\/p><\/li><li><p style=\"font-size:13px\">enotno mati\u010dno \u0161tevilko ob\u010dana,<\/p><\/li><li><p style=\"font-size:13px\">naslov stalnega ali za\u010dasnega prebivali\u0161\u010da,<\/p><\/li><li><p style=\"font-size:13px\">da se licenca izdaja neodvisnemu strokovnjaku za preglede klimatskih sistemov,<\/p><\/li><li><p style=\"font-size:13px\">datum izdaje licence,<\/p><\/li><\/ul><ul><li><p style=\"font-size:13px\">rok za predlo\u017eitev naslednjega potrdila o uspe\u0161no opravljenem usposabljanju,<\/p><\/li><li><p style=\"font-size:13px\">zaporedno \u0161tevilko iz registra licenc neodvisnih strokovnjakov.<\/p><\/li>\n\n\n\n<p style=\"font-size:14px\">Hkrati z licenco se neodvisnemu strokovnjaku izda izkaznica neodvisnega strokovnjaka za redne preglede klimatskih sistemov na obrazcu iz <a href=\"http:\/\/www.uradni-list.si\/files\/RS_-2016-018-00008-OB~P005-0000.PDF#!\/pdf\">priloge<\/a>, ki je sestavni del Pravilnika o usposabljanju, licencah in registru licenc neodvisnih strokovnjakov za redne preglede klimatskih sistemov.<\/p>\n\n\n\n<p style=\"font-size:14px\">Na podlagi odlo\u010dbe o izdaji licence se neodvisnega\nstrokovnjaka po uradni dol\u017enosti vpi\u0161e v register, ki ga vodi ministrstvo.<\/p>\n\n\n\n<p style=\"font-size:14px\">V register se vpi\u0161e vsak neodvisni strokovnjak pod\nzaporedno \u0161tevilko. Zaporedna \u0161tevilka je sestavljena iz zaporedne \u0161tevilke\nvpisa v register in \u0161tevilke licence. Zaporedna \u0161tevilka se ne spreminja tudi\nob prenehanju veljavnosti licence neodvisnega strokovnjaka. Izbrisana zaporedna\n\u0161tevilka se ne ponovi. V registru bo shranjen vsak podatek, ki je bil kadarkoli\nvpisan v bazo. V primeru spremembe podatkov, vpisanih v register, mora biti v\nregistru poleg novega shranjen in dostopen tudi predhodno vpisan podatek in\ndatum njegove spremembe. V primeru prenehanja veljavnosti licence neodvisnega\nstrokovnjaka se vpi\u0161e datum prenehanja veljavnosti z navedbo razloga (po uradni\ndol\u017enosti, na zahtevo neodvisnega strokovnjaka).<\/p>\n\n\n\n<p style=\"font-size:14px\">Register bo objavljen na spletni strani ministrstva.<\/p>\n","protected":false},"excerpt":{"rendered":"<p>PRIDOBITEV LICENCE Kandidat vlo\u017ei vlogo za izdajo licence neodvisnega strokovnjaka za izvajanje rednih pregledov klimatskih sistemov na Ministrstvu za infrastrukturo in prostor na obrazcu iz priloge, ki je sestavni del Pravilnika o usposabljanju, licencah in registru licenc neodvisnih strokovnjakov za redne preglede klimatskih sistemov. Vlogi za izdajo licence morajo biti prilo\u017eena dokazila o izpolnjevanju pogojev v skladu z zakonom, ki<\/p>\n<p><a class=\"more-link\" href=\"https:\/\/web.fs.uni-lj.si\/losk\/licenca\/\">Read More<\/a><\/p>\n","protected":false},"author":1,"featured_media":0,"parent":0,"menu_order":0,"comment_status":"closed","ping_status":"closed","template":"","meta":{"footnotes":""},"class_list":["post-692","page","type-page","status-publish","hentry"],"_links":{"self":[{"href":"https:\/\/web.fs.uni-lj.si\/losk\/wp-json\/wp\/v2\/pages\/692","targetHints":{"allow":["GET"]}}],"collection":[{"href":"https:\/\/web.fs.uni-lj.si\/losk\/wp-json\/wp\/v2\/pages"}],"about":[{"href":"https:\/\/web.fs.uni-lj.si\/losk\/wp-json\/wp\/v2\/types\/page"}],"author":[{"embeddable":true,"href":"https:\/\/web.fs.uni-lj.si\/losk\/wp-json\/wp\/v2\/users\/1"}],"replies":[{"embeddable":true,"href":"https:\/\/web.fs.uni-lj.si\/losk\/wp-json\/wp\/v2\/comments?post=692"}],"version-history":[{"count":5,"href":"https:\/\/web.fs.uni-lj.si\/losk\/wp-json\/wp\/v2\/pages\/692\/revisions"}],"predecessor-version":[{"id":783,"href":"https:\/\/web.fs.uni-lj.si\/losk\/wp-json\/wp\/v2\/pages\/692\/revisions\/783"}],"wp:attachment":[{"href":"https:\/\/web.fs.uni-lj.si\/losk\/wp-json\/wp\/v2\/media?parent=692"}],"curies":[{"name":"wp","href":"https:\/\/api.w.org\/{rel}","templated":true}]}}