{"id":386,"date":"2018-02-28T13:27:45","date_gmt":"2018-02-28T12:27:45","guid":{"rendered":"https:\/\/web.fs.uni-lj.si\/LOSK\/toWP\/?page_id=386"},"modified":"2018-04-16T14:54:39","modified_gmt":"2018-04-16T13:54:39","slug":"ii-stopnja","status":"publish","type":"page","link":"https:\/\/web.fs.uni-lj.si\/losk\/pedagoska-dejavnost\/ii-stopnja\/","title":{"rendered":"II. Stopnja"},"content":{"rendered":"<p><a href=\"https:\/\/web.fs.uni-lj.si\/LOSK\/?page_id=50\"><strong><span style=\"color: #3366ff;\"><span class=\"button\" style=\"font-size: 12pt;\">Klimatizacija<\/span><\/span><\/strong><\/a><\/p>\n<div align=\"justify\">\n<p>Opis predmeta:<\/p>\n<h4>Notranje okolje predstavlja osnovni strokovni predmet poznavanja zakonitosti delovnega in bivalnega okolja v zgradbah. \u0160tudent spozna vplivne parametre in kriterije notranjega okolja (toplotno okolje, kakovost zraka, \u2026), ki dinami\u010dno vplivajo na ugodje in tudi lahko predstavljajo tveganje za \u010dlovekovo zdravje. Podani bodo vzroki za nastanek \u010dloveku \u0161kodljivega notranjega okolja in ukrepi in modeli za njegovo izbolj\u0161anje. Podane bodo osnove za sintezo in poznavanje obravnavanega okolja z u\u010dinkovitim prezra\u010devanjem in odstranitvijo \u0161kodljivih primesi ter analizo starosti zraka.<\/h4>\n<\/div>\n<p><a href=\"https:\/\/web.fs.uni-lj.si\/LOSK\/?page_id=74\"><strong><span style=\"color: #3366ff;\"><span class=\"button\" style=\"font-size: 12pt;\">Klimatski hladilni sistemi<\/span><\/span><\/strong><\/a><\/p>\n<div align=\"justify\">\n<p>Opis predmeta:<\/p>\n<h4>V izdelavi&#8230;.<\/h4>\n<\/div>\n","protected":false},"excerpt":{"rendered":"<p>Klimatizacija Opis predmeta: Notranje okolje predstavlja osnovni strokovni predmet poznavanja zakonitosti delovnega in bivalnega okolja v zgradbah. \u0160tudent spozna vplivne parametre in kriterije notranjega okolja (toplotno okolje, kakovost zraka, \u2026), ki dinami\u010dno vplivajo na ugodje in tudi lahko predstavljajo tveganje za \u010dlovekovo zdravje. Podani bodo vzroki za nastanek \u010dloveku \u0161kodljivega notranjega okolja in ukrepi in modeli za njegovo izbolj\u0161anje. Podane<\/p>\n<p><a class=\"more-link\" href=\"https:\/\/web.fs.uni-lj.si\/losk\/pedagoska-dejavnost\/ii-stopnja\/\">Read More<\/a><\/p>\n","protected":false},"author":1,"featured_media":0,"parent":133,"menu_order":0,"comment_status":"closed","ping_status":"closed","template":"page-templates\/full-width.php","meta":{"footnotes":""},"class_list":["post-386","page","type-page","status-publish","hentry"],"_links":{"self":[{"href":"https:\/\/web.fs.uni-lj.si\/losk\/wp-json\/wp\/v2\/pages\/386","targetHints":{"allow":["GET"]}}],"collection":[{"href":"https:\/\/web.fs.uni-lj.si\/losk\/wp-json\/wp\/v2\/pages"}],"about":[{"href":"https:\/\/web.fs.uni-lj.si\/losk\/wp-json\/wp\/v2\/types\/page"}],"author":[{"embeddable":true,"href":"https:\/\/web.fs.uni-lj.si\/losk\/wp-json\/wp\/v2\/users\/1"}],"replies":[{"embeddable":true,"href":"https:\/\/web.fs.uni-lj.si\/losk\/wp-json\/wp\/v2\/comments?post=386"}],"version-history":[{"count":3,"href":"https:\/\/web.fs.uni-lj.si\/losk\/wp-json\/wp\/v2\/pages\/386\/revisions"}],"predecessor-version":[{"id":560,"href":"https:\/\/web.fs.uni-lj.si\/losk\/wp-json\/wp\/v2\/pages\/386\/revisions\/560"}],"up":[{"embeddable":true,"href":"https:\/\/web.fs.uni-lj.si\/losk\/wp-json\/wp\/v2\/pages\/133"}],"wp:attachment":[{"href":"https:\/\/web.fs.uni-lj.si\/losk\/wp-json\/wp\/v2\/media?parent=386"}],"curies":[{"name":"wp","href":"https:\/\/api.w.org\/{rel}","templated":true}]}}