{"id":290,"date":"2020-05-04T20:31:10","date_gmt":"2020-05-04T20:31:10","guid":{"rendered":"http:\/\/web.fs.uni-lj.si\/lasteh\/?page_id=290"},"modified":"2020-05-04T21:16:41","modified_gmt":"2020-05-04T21:16:41","slug":"laserska-tehnika","status":"publish","type":"page","link":"https:\/\/web.fs.uni-lj.si\/lasteh\/studijska-dejavnost\/laserska-tehnika\/","title":{"rendered":"Laserska tehnika"},"content":{"rendered":"\n<h2 class=\"wp-block-heading\">Vsebina<\/h2>\n\n\n\n<p>Predmet poteka na 3. stopenjskem \u0161tudijskem programu, kjer se vsebina prilagaja potrebam posameznega \u0161tudenta. V nadaljevanju so na\u0161tete nekatere mo\u017ene vsebine s podro\u010dja laserskih sistemov:<\/p>\n\n\n\n<p>Osnove laserske fizike: Izbrane teme iz klasi\u010dne optike. Nelinearna optika, generacija harmonskih frekvenc. Novi laserski viri: aktivne snovi, tehnike \u010drpanja, resonatorji in kvaliteta \u017earka, oblikovanje \u017earka, metode za doseganje kratkih in ultrakratkih bliskov. Teoreti\u010dni opis vodenja svetlobe po opti\u010dnih vodnikih. Eno- in ve\u010drodovna opti\u010dna vlakna. Vlakna za prenos velikih mo\u010di. Nelinearni pojavi v opti\u010dnih vlaknih. Interakcija med lasersko svetlobo in snovjo: Procesi interakcije. Snovne lastnosti (opti\u010dne, termodinamske, mehanske). Osnovni mehanizmi termi\u010dnih laserskih obdelovalnih procesov. Atermalno procesiranje. Asistenca plinov. Optodinamika. Laserski obdelovalni procesi: Lasersko rezanje in varjenje. Laserska ablacija. Lasersko vrtanje. Lasersko \u010di\u0161\u010denje. Lasersko ozna\u010devanje in graviranje. Lasersko dolbenje.Laserske mikroobdelave v elektroniki in pri izdelavi mikromehanskih komponent. Lasersko upogibanje. Laserska izdelava prototipov. Diagnostika laserskih obdelovalnih procesov. Modeliranje laserskih obdelovalnih procesov. Laserske merilne metode: Lasersko merjenje razdalj, pomikov, kotov, profilov in 3D oblike teles. Laserska triangulacija. Laserska interferometrija. Lasersko dopplersko merjenje hitrosti. Senzorji z opti\u010dnimi vlakni: Intenzitetni senzorji. Senzorji na osnovi fazne detekcije. Vlakenski laserji: Fizikalne lastnosti dopiranih opti\u010dnih vlaken. Vlakenski laserji velikih mo\u010di. Zgradba in delovanje. Metode za doseganje (ultra-) kratkih bliskov in velikih povpre\u010dnih mo\u010di. Nove valovne dol\u017eine v IR, vidnem in UV podro\u010dju. Prednosti in omejitve &#8211; primerjava s klasi\u010dnimi trdninskimi in plinskimi laserji. Oblikovanje in vodenje \u017earka.<\/p>\n","protected":false},"excerpt":{"rendered":"<p>Vsebina Predmet poteka na 3. stopenjskem \u0161tudijskem programu, kjer se vsebina prilagaja potrebam posameznega \u0161tudenta. V nadaljevanju so na\u0161tete nekatere [&hellip;]<\/p>\n","protected":false},"author":1,"featured_media":0,"parent":20,"menu_order":50,"comment_status":"closed","ping_status":"closed","template":"","meta":{"footnotes":""},"class_list":["post-290","page","type-page","status-publish","hentry"],"yoast_head":"<!-- This site is optimized with the Yoast SEO plugin v27.4 - https:\/\/yoast.com\/product\/yoast-seo-wordpress\/ -->\n<title>Laserska tehnika - LASTEH<\/title>\n<meta name=\"robots\" content=\"index, follow, max-snippet:-1, max-image-preview:large, max-video-preview:-1\" \/>\n<link rel=\"canonical\" href=\"https:\/\/web.fs.uni-lj.si\/lasteh\/studijska-dejavnost\/laserska-tehnika\/\" \/>\n<meta property=\"og:locale\" content=\"sl_SI\" \/>\n<meta property=\"og:type\" content=\"article\" \/>\n<meta property=\"og:title\" content=\"Laserska tehnika - LASTEH\" \/>\n<meta property=\"og:description\" content=\"Vsebina Predmet poteka na 3. stopenjskem \u0161tudijskem programu, kjer se vsebina prilagaja potrebam posameznega \u0161tudenta. V nadaljevanju so na\u0161tete nekatere [&hellip;]\" \/>\n<meta property=\"og:url\" content=\"https:\/\/web.fs.uni-lj.si\/lasteh\/studijska-dejavnost\/laserska-tehnika\/\" \/>\n<meta property=\"og:site_name\" content=\"LASTEH\" \/>\n<meta property=\"article:modified_time\" content=\"2020-05-04T21:16:41+00:00\" \/>\n<meta name=\"twitter:card\" content=\"summary_large_image\" \/>\n<meta name=\"twitter:label1\" content=\"Est. reading time\" \/>\n\t<meta name=\"twitter:data1\" content=\"1 minuta\" \/>\n<script type=\"application\/ld+json\" class=\"yoast-schema-graph\">{\"@context\":\"https:\\\/\\\/schema.org\",\"@graph\":[{\"@type\":\"WebPage\",\"@id\":\"https:\\\/\\\/web.fs.uni-lj.si\\\/lasteh\\\/studijska-dejavnost\\\/laserska-tehnika\\\/\",\"url\":\"https:\\\/\\\/web.fs.uni-lj.si\\\/lasteh\\\/studijska-dejavnost\\\/laserska-tehnika\\\/\",\"name\":\"Laserska tehnika - LASTEH\",\"isPartOf\":{\"@id\":\"https:\\\/\\\/web.fs.uni-lj.si\\\/lasteh\\\/#website\"},\"datePublished\":\"2020-05-04T20:31:10+00:00\",\"dateModified\":\"2020-05-04T21:16:41+00:00\",\"breadcrumb\":{\"@id\":\"https:\\\/\\\/web.fs.uni-lj.si\\\/lasteh\\\/studijska-dejavnost\\\/laserska-tehnika\\\/#breadcrumb\"},\"inLanguage\":\"sl-SI\",\"potentialAction\":[{\"@type\":\"ReadAction\",\"target\":[\"https:\\\/\\\/web.fs.uni-lj.si\\\/lasteh\\\/studijska-dejavnost\\\/laserska-tehnika\\\/\"]}]},{\"@type\":\"BreadcrumbList\",\"@id\":\"https:\\\/\\\/web.fs.uni-lj.si\\\/lasteh\\\/studijska-dejavnost\\\/laserska-tehnika\\\/#breadcrumb\",\"itemListElement\":[{\"@type\":\"ListItem\",\"position\":1,\"name\":\"Home\",\"item\":\"https:\\\/\\\/web.fs.uni-lj.si\\\/lasteh\\\/\"},{\"@type\":\"ListItem\",\"position\":2,\"name\":\"\u0160tudijska dejavnost\",\"item\":\"https:\\\/\\\/web.fs.uni-lj.si\\\/lasteh\\\/studijska-dejavnost\\\/\"},{\"@type\":\"ListItem\",\"position\":3,\"name\":\"Laserska tehnika\"}]},{\"@type\":\"WebSite\",\"@id\":\"https:\\\/\\\/web.fs.uni-lj.si\\\/lasteh\\\/#website\",\"url\":\"https:\\\/\\\/web.fs.uni-lj.si\\\/lasteh\\\/\",\"name\":\"LASTEH\",\"description\":\"Laboratorij za lasersko tehniko\",\"potentialAction\":[{\"@type\":\"SearchAction\",\"target\":{\"@type\":\"EntryPoint\",\"urlTemplate\":\"https:\\\/\\\/web.fs.uni-lj.si\\\/lasteh\\\/?s={search_term_string}\"},\"query-input\":{\"@type\":\"PropertyValueSpecification\",\"valueRequired\":true,\"valueName\":\"search_term_string\"}}],\"inLanguage\":\"sl-SI\"}]}<\/script>\n<!-- \/ Yoast SEO plugin. -->","yoast_head_json":{"title":"Laserska tehnika - LASTEH","robots":{"index":"index","follow":"follow","max-snippet":"max-snippet:-1","max-image-preview":"max-image-preview:large","max-video-preview":"max-video-preview:-1"},"canonical":"https:\/\/web.fs.uni-lj.si\/lasteh\/studijska-dejavnost\/laserska-tehnika\/","og_locale":"sl_SI","og_type":"article","og_title":"Laserska tehnika - LASTEH","og_description":"Vsebina Predmet poteka na 3. stopenjskem \u0161tudijskem programu, kjer se vsebina prilagaja potrebam posameznega \u0161tudenta. V nadaljevanju so na\u0161tete nekatere [&hellip;]","og_url":"https:\/\/web.fs.uni-lj.si\/lasteh\/studijska-dejavnost\/laserska-tehnika\/","og_site_name":"LASTEH","article_modified_time":"2020-05-04T21:16:41+00:00","twitter_card":"summary_large_image","twitter_misc":{"Est. reading time":"1 minuta"},"schema":{"@context":"https:\/\/schema.org","@graph":[{"@type":"WebPage","@id":"https:\/\/web.fs.uni-lj.si\/lasteh\/studijska-dejavnost\/laserska-tehnika\/","url":"https:\/\/web.fs.uni-lj.si\/lasteh\/studijska-dejavnost\/laserska-tehnika\/","name":"Laserska tehnika - LASTEH","isPartOf":{"@id":"https:\/\/web.fs.uni-lj.si\/lasteh\/#website"},"datePublished":"2020-05-04T20:31:10+00:00","dateModified":"2020-05-04T21:16:41+00:00","breadcrumb":{"@id":"https:\/\/web.fs.uni-lj.si\/lasteh\/studijska-dejavnost\/laserska-tehnika\/#breadcrumb"},"inLanguage":"sl-SI","potentialAction":[{"@type":"ReadAction","target":["https:\/\/web.fs.uni-lj.si\/lasteh\/studijska-dejavnost\/laserska-tehnika\/"]}]},{"@type":"BreadcrumbList","@id":"https:\/\/web.fs.uni-lj.si\/lasteh\/studijska-dejavnost\/laserska-tehnika\/#breadcrumb","itemListElement":[{"@type":"ListItem","position":1,"name":"Home","item":"https:\/\/web.fs.uni-lj.si\/lasteh\/"},{"@type":"ListItem","position":2,"name":"\u0160tudijska dejavnost","item":"https:\/\/web.fs.uni-lj.si\/lasteh\/studijska-dejavnost\/"},{"@type":"ListItem","position":3,"name":"Laserska tehnika"}]},{"@type":"WebSite","@id":"https:\/\/web.fs.uni-lj.si\/lasteh\/#website","url":"https:\/\/web.fs.uni-lj.si\/lasteh\/","name":"LASTEH","description":"Laboratorij za lasersko tehniko","potentialAction":[{"@type":"SearchAction","target":{"@type":"EntryPoint","urlTemplate":"https:\/\/web.fs.uni-lj.si\/lasteh\/?s={search_term_string}"},"query-input":{"@type":"PropertyValueSpecification","valueRequired":true,"valueName":"search_term_string"}}],"inLanguage":"sl-SI"}]}},"_links":{"self":[{"href":"https:\/\/web.fs.uni-lj.si\/lasteh\/wp-json\/wp\/v2\/pages\/290","targetHints":{"allow":["GET"]}}],"collection":[{"href":"https:\/\/web.fs.uni-lj.si\/lasteh\/wp-json\/wp\/v2\/pages"}],"about":[{"href":"https:\/\/web.fs.uni-lj.si\/lasteh\/wp-json\/wp\/v2\/types\/page"}],"author":[{"embeddable":true,"href":"https:\/\/web.fs.uni-lj.si\/lasteh\/wp-json\/wp\/v2\/users\/1"}],"replies":[{"embeddable":true,"href":"https:\/\/web.fs.uni-lj.si\/lasteh\/wp-json\/wp\/v2\/comments?post=290"}],"version-history":[{"count":3,"href":"https:\/\/web.fs.uni-lj.si\/lasteh\/wp-json\/wp\/v2\/pages\/290\/revisions"}],"predecessor-version":[{"id":303,"href":"https:\/\/web.fs.uni-lj.si\/lasteh\/wp-json\/wp\/v2\/pages\/290\/revisions\/303"}],"up":[{"embeddable":true,"href":"https:\/\/web.fs.uni-lj.si\/lasteh\/wp-json\/wp\/v2\/pages\/20"}],"wp:attachment":[{"href":"https:\/\/web.fs.uni-lj.si\/lasteh\/wp-json\/wp\/v2\/media?parent=290"}],"curies":[{"name":"wp","href":"https:\/\/api.w.org\/{rel}","templated":true}]}}