{"id":166,"date":"2017-02-19T21:06:50","date_gmt":"2017-02-19T20:06:50","guid":{"rendered":"http:\/\/localhost\/LASTEH%20wp\/?page_id=166"},"modified":"2020-05-04T14:14:24","modified_gmt":"2020-05-04T14:14:24","slug":"kje-nas-najdete","status":"publish","type":"page","link":"https:\/\/web.fs.uni-lj.si\/lasteh\/lasteh-3\/kje-nas-najdete\/","title":{"rendered":"Kje nas najdete"},"content":{"rendered":"<p>Laboratorij za lasersko tehniko se nahaja na Fakulteti za strojni\u0161tvo, Univerze v Ljubljani.<\/p>\n<p>Prostorsko smo razdeljeni na dve lokaciji:<\/p>\n<ol>\n<li>Nova stvba, soba I\/6 &#8211; Pisarni\u0161ko-raziskovalni del, kjer je nastanjenih ve\u010dina sodelavcev. V prostoru se nahaja temnica z raziskovalno opremo namenjeno raziskavam na podro\u010dju laserskih medicinskih posegov ter laserskega in\u017eineringa povr\u0161in.<\/li>\n<li>Nova stavba, klet &#8211; Raziskovalni del, namenjen raziskavam industrijskih laserskih procesov.<\/li>\n<\/ol>\n","protected":false},"excerpt":{"rendered":"<p>Laboratorij za lasersko tehniko se nahaja na Fakulteti za strojni\u0161tvo, Univerze v Ljubljani. Prostorsko smo razdeljeni na dve lokaciji: Nova [&hellip;]<\/p>\n","protected":false},"author":1,"featured_media":0,"parent":18,"menu_order":0,"comment_status":"closed","ping_status":"closed","template":"","meta":{"footnotes":""},"class_list":["post-166","page","type-page","status-publish","hentry"],"yoast_head":"<!-- This site is optimized with the Yoast SEO plugin v27.4 - https:\/\/yoast.com\/product\/yoast-seo-wordpress\/ -->\n<title>Kje nas najdete - LASTEH<\/title>\n<meta name=\"robots\" content=\"index, follow, max-snippet:-1, max-image-preview:large, max-video-preview:-1\" \/>\n<link rel=\"canonical\" href=\"https:\/\/web.fs.uni-lj.si\/lasteh\/lasteh-3\/kje-nas-najdete\/\" \/>\n<meta property=\"og:locale\" content=\"sl_SI\" \/>\n<meta property=\"og:type\" content=\"article\" \/>\n<meta property=\"og:title\" content=\"Kje nas najdete - LASTEH\" \/>\n<meta property=\"og:description\" content=\"Laboratorij za lasersko tehniko se nahaja na Fakulteti za strojni\u0161tvo, Univerze v Ljubljani. Prostorsko smo razdeljeni na dve lokaciji: Nova [&hellip;]\" \/>\n<meta property=\"og:url\" content=\"https:\/\/web.fs.uni-lj.si\/lasteh\/lasteh-3\/kje-nas-najdete\/\" \/>\n<meta property=\"og:site_name\" content=\"LASTEH\" \/>\n<meta property=\"article:modified_time\" content=\"2020-05-04T14:14:24+00:00\" \/>\n<meta name=\"twitter:card\" content=\"summary_large_image\" \/>\n<script type=\"application\/ld+json\" class=\"yoast-schema-graph\">{\"@context\":\"https:\\\/\\\/schema.org\",\"@graph\":[{\"@type\":\"WebPage\",\"@id\":\"https:\\\/\\\/web.fs.uni-lj.si\\\/lasteh\\\/lasteh-3\\\/kje-nas-najdete\\\/\",\"url\":\"https:\\\/\\\/web.fs.uni-lj.si\\\/lasteh\\\/lasteh-3\\\/kje-nas-najdete\\\/\",\"name\":\"Kje nas najdete - LASTEH\",\"isPartOf\":{\"@id\":\"https:\\\/\\\/web.fs.uni-lj.si\\\/lasteh\\\/#website\"},\"datePublished\":\"2017-02-19T20:06:50+00:00\",\"dateModified\":\"2020-05-04T14:14:24+00:00\",\"breadcrumb\":{\"@id\":\"https:\\\/\\\/web.fs.uni-lj.si\\\/lasteh\\\/lasteh-3\\\/kje-nas-najdete\\\/#breadcrumb\"},\"inLanguage\":\"sl-SI\",\"potentialAction\":[{\"@type\":\"ReadAction\",\"target\":[\"https:\\\/\\\/web.fs.uni-lj.si\\\/lasteh\\\/lasteh-3\\\/kje-nas-najdete\\\/\"]}]},{\"@type\":\"BreadcrumbList\",\"@id\":\"https:\\\/\\\/web.fs.uni-lj.si\\\/lasteh\\\/lasteh-3\\\/kje-nas-najdete\\\/#breadcrumb\",\"itemListElement\":[{\"@type\":\"ListItem\",\"position\":1,\"name\":\"Home\",\"item\":\"https:\\\/\\\/web.fs.uni-lj.si\\\/lasteh\\\/\"},{\"@type\":\"ListItem\",\"position\":2,\"name\":\"LASTEH\",\"item\":\"https:\\\/\\\/web.fs.uni-lj.si\\\/lasteh\\\/lasteh-3\\\/\"},{\"@type\":\"ListItem\",\"position\":3,\"name\":\"Kje nas najdete\"}]},{\"@type\":\"WebSite\",\"@id\":\"https:\\\/\\\/web.fs.uni-lj.si\\\/lasteh\\\/#website\",\"url\":\"https:\\\/\\\/web.fs.uni-lj.si\\\/lasteh\\\/\",\"name\":\"LASTEH\",\"description\":\"Laboratorij za lasersko tehniko\",\"potentialAction\":[{\"@type\":\"SearchAction\",\"target\":{\"@type\":\"EntryPoint\",\"urlTemplate\":\"https:\\\/\\\/web.fs.uni-lj.si\\\/lasteh\\\/?s={search_term_string}\"},\"query-input\":{\"@type\":\"PropertyValueSpecification\",\"valueRequired\":true,\"valueName\":\"search_term_string\"}}],\"inLanguage\":\"sl-SI\"}]}<\/script>\n<!-- \/ Yoast SEO plugin. -->","yoast_head_json":{"title":"Kje nas najdete - LASTEH","robots":{"index":"index","follow":"follow","max-snippet":"max-snippet:-1","max-image-preview":"max-image-preview:large","max-video-preview":"max-video-preview:-1"},"canonical":"https:\/\/web.fs.uni-lj.si\/lasteh\/lasteh-3\/kje-nas-najdete\/","og_locale":"sl_SI","og_type":"article","og_title":"Kje nas najdete - LASTEH","og_description":"Laboratorij za lasersko tehniko se nahaja na Fakulteti za strojni\u0161tvo, Univerze v Ljubljani. Prostorsko smo razdeljeni na dve lokaciji: Nova [&hellip;]","og_url":"https:\/\/web.fs.uni-lj.si\/lasteh\/lasteh-3\/kje-nas-najdete\/","og_site_name":"LASTEH","article_modified_time":"2020-05-04T14:14:24+00:00","twitter_card":"summary_large_image","schema":{"@context":"https:\/\/schema.org","@graph":[{"@type":"WebPage","@id":"https:\/\/web.fs.uni-lj.si\/lasteh\/lasteh-3\/kje-nas-najdete\/","url":"https:\/\/web.fs.uni-lj.si\/lasteh\/lasteh-3\/kje-nas-najdete\/","name":"Kje nas najdete - LASTEH","isPartOf":{"@id":"https:\/\/web.fs.uni-lj.si\/lasteh\/#website"},"datePublished":"2017-02-19T20:06:50+00:00","dateModified":"2020-05-04T14:14:24+00:00","breadcrumb":{"@id":"https:\/\/web.fs.uni-lj.si\/lasteh\/lasteh-3\/kje-nas-najdete\/#breadcrumb"},"inLanguage":"sl-SI","potentialAction":[{"@type":"ReadAction","target":["https:\/\/web.fs.uni-lj.si\/lasteh\/lasteh-3\/kje-nas-najdete\/"]}]},{"@type":"BreadcrumbList","@id":"https:\/\/web.fs.uni-lj.si\/lasteh\/lasteh-3\/kje-nas-najdete\/#breadcrumb","itemListElement":[{"@type":"ListItem","position":1,"name":"Home","item":"https:\/\/web.fs.uni-lj.si\/lasteh\/"},{"@type":"ListItem","position":2,"name":"LASTEH","item":"https:\/\/web.fs.uni-lj.si\/lasteh\/lasteh-3\/"},{"@type":"ListItem","position":3,"name":"Kje nas najdete"}]},{"@type":"WebSite","@id":"https:\/\/web.fs.uni-lj.si\/lasteh\/#website","url":"https:\/\/web.fs.uni-lj.si\/lasteh\/","name":"LASTEH","description":"Laboratorij za lasersko tehniko","potentialAction":[{"@type":"SearchAction","target":{"@type":"EntryPoint","urlTemplate":"https:\/\/web.fs.uni-lj.si\/lasteh\/?s={search_term_string}"},"query-input":{"@type":"PropertyValueSpecification","valueRequired":true,"valueName":"search_term_string"}}],"inLanguage":"sl-SI"}]}},"_links":{"self":[{"href":"https:\/\/web.fs.uni-lj.si\/lasteh\/wp-json\/wp\/v2\/pages\/166","targetHints":{"allow":["GET"]}}],"collection":[{"href":"https:\/\/web.fs.uni-lj.si\/lasteh\/wp-json\/wp\/v2\/pages"}],"about":[{"href":"https:\/\/web.fs.uni-lj.si\/lasteh\/wp-json\/wp\/v2\/types\/page"}],"author":[{"embeddable":true,"href":"https:\/\/web.fs.uni-lj.si\/lasteh\/wp-json\/wp\/v2\/users\/1"}],"replies":[{"embeddable":true,"href":"https:\/\/web.fs.uni-lj.si\/lasteh\/wp-json\/wp\/v2\/comments?post=166"}],"version-history":[{"count":3,"href":"https:\/\/web.fs.uni-lj.si\/lasteh\/wp-json\/wp\/v2\/pages\/166\/revisions"}],"predecessor-version":[{"id":210,"href":"https:\/\/web.fs.uni-lj.si\/lasteh\/wp-json\/wp\/v2\/pages\/166\/revisions\/210"}],"up":[{"embeddable":true,"href":"https:\/\/web.fs.uni-lj.si\/lasteh\/wp-json\/wp\/v2\/pages\/18"}],"wp:attachment":[{"href":"https:\/\/web.fs.uni-lj.si\/lasteh\/wp-json\/wp\/v2\/media?parent=166"}],"curies":[{"name":"wp","href":"https:\/\/api.w.org\/{rel}","templated":true}]}}