{"id":9,"date":"2012-04-03T14:36:05","date_gmt":"2012-04-03T12:36:05","guid":{"rendered":"https:\/\/web.fs.uni-lj.si\/lasin\/?page_id=9"},"modified":"2017-02-24T11:38:32","modified_gmt":"2017-02-24T10:38:32","slug":"pedagoski-proces","status":"publish","type":"page","link":"https:\/\/web.fs.uni-lj.si\/lasin\/pedagoski-proces\/","title":{"rendered":"Pedago\u0161ki proces"},"content":{"rendered":"<p>Vsebine predmetov katedre za sinergetiko nudijo sistemska znanja na podro\u010dju obravnave kompleksnih sistemov, ki jih \u0161tudentje v povezavi z vsebinami ostalih smeri in usmeritev lahko uporabijo pri znanstveni analizi, snovanju, spremljanju, optimizaciji in krmiljenju stanj kompleksnih tehnolo\u0161kih sistemov in procesov, obremenjenih materialov, izdelkov, strojev in konstrukcij na osnovi procesiranja ve\u010d senzorskih podatkov.<\/p>\n<p>Predmeti na II stopnji RRP<\/p>\n<ul>\n<li><a href=\"https:\/\/web.fs.uni-lj.si\/lasin\/?page_id=26\">Naklju\u010dni pojavi<\/a><\/li>\n<li><a href=\"https:\/\/web.fs.uni-lj.si\/lasin\/?page_id=498\">Naklju\u010dni pojavi (TRIBOS)<\/a><\/li>\n<li><a href=\"https:\/\/web.fs.uni-lj.si\/lasin\/?page_id=269\">Kaoti\u010dna dinamika<\/a><\/li>\n<li><a href=\"https:\/\/web.fs.uni-lj.si\/lasin\/?page_id=358&amp;lang=sl\">Empiri\u010dno modeliranje in karakterizacija procesov<\/a><\/li>\n<\/ul>\n<p>Predmeti na III stopnji<\/p>\n<ul>\n<li><a href=\"https:\/\/web.fs.uni-lj.si\/lasin\/?page_id=269\">Kaoti\u010dna dinamika<\/a><\/li>\n<li><a href=\"https:\/\/web.fs.uni-lj.si\/lasin\/?page_id=29\">Nevronske mre\u017ee<\/a><\/li>\n<li><a href=\"https:\/\/web.fs.uni-lj.si\/lasin\/?page_id=344&amp;lang=sl\">Sinergetika<\/a><\/li>\n<\/ul>\n<p>\u0160tudente vabimo tudi, da v na\u0161em laboratoriju opravijo seminarsko, diplomsko ali magistrsko delo: <a title=\"aktualni razpis diplomskih nalog\" href=\"https:\/\/web.fs.uni-lj.si\/lasin\/?page_id=561\">aktualni razpis&nbsp;nalog<\/a><\/p>","protected":false},"excerpt":{"rendered":"<p>Vsebine predmetov katedre za sinergetiko nudijo sistemska znanja na podro\u010dju obravnave kompleksnih sistemov, ki jih \u0161tudentje v povezavi z vsebinami ostalih smeri in usmeritev lahko uporabijo pri znanstveni analizi, snovanju, spremljanju, optimizaciji in krmiljenju stanj kompleksnih tehnolo\u0161kih sistemov in procesov, obremenjenih materialov, izdelkov, strojev in konstrukcij na osnovi procesiranja ve\u010d senzorskih podatkov. Predmeti na II [&hellip;]<\/p>\n","protected":false},"author":1,"featured_media":0,"parent":0,"menu_order":2,"comment_status":"closed","ping_status":"closed","template":"","meta":{"footnotes":""},"class_list":["post-9","page","type-page","status-publish","hentry"],"_links":{"self":[{"href":"https:\/\/web.fs.uni-lj.si\/lasin\/wp-json\/wp\/v2\/pages\/9","targetHints":{"allow":["GET"]}}],"collection":[{"href":"https:\/\/web.fs.uni-lj.si\/lasin\/wp-json\/wp\/v2\/pages"}],"about":[{"href":"https:\/\/web.fs.uni-lj.si\/lasin\/wp-json\/wp\/v2\/types\/page"}],"author":[{"embeddable":true,"href":"https:\/\/web.fs.uni-lj.si\/lasin\/wp-json\/wp\/v2\/users\/1"}],"replies":[{"embeddable":true,"href":"https:\/\/web.fs.uni-lj.si\/lasin\/wp-json\/wp\/v2\/comments?post=9"}],"version-history":[{"count":5,"href":"https:\/\/web.fs.uni-lj.si\/lasin\/wp-json\/wp\/v2\/pages\/9\/revisions"}],"predecessor-version":[{"id":602,"href":"https:\/\/web.fs.uni-lj.si\/lasin\/wp-json\/wp\/v2\/pages\/9\/revisions\/602"}],"wp:attachment":[{"href":"https:\/\/web.fs.uni-lj.si\/lasin\/wp-json\/wp\/v2\/media?parent=9"}],"curies":[{"name":"wp","href":"https:\/\/api.w.org\/{rel}","templated":true}]}}