{"id":3196,"date":"2020-05-21T17:32:01","date_gmt":"2020-05-21T15:32:01","guid":{"rendered":"http:\/\/web.fs.uni-lj.si\/lakos\/?page_id=3196"},"modified":"2023-07-31T12:57:27","modified_gmt":"2023-07-31T10:57:27","slug":"raziskave","status":"publish","type":"page","link":"https:\/\/web.fs.uni-lj.si\/lampa\/raziskave\/","title":{"rendered":"Raziskave"},"content":{"rendered":"<style type=\"text\/css\">@media only screen and (min-width: 1000px) and (max-width: 5000px){body.kc-css-system .kc-css-3353228{width: 25%;}body.kc-css-system .kc-css-2099752{width: 25%;}body.kc-css-system .kc-css-1871318{width: 25%;}body.kc-css-system .kc-css-1792591{width: 25%;}body.kc-css-system .kc-css-422280{width: 25%;}body.kc-css-system .kc-css-705852{width: 25%;}body.kc-css-system .kc-css-2806201{width: 25%;}body.kc-css-system .kc-css-827988{width: 25%;}body.kc-css-system .kc-css-3639145{width: 25%;}body.kc-css-system .kc-css-4028201{width: 25%;}body.kc-css-system .kc-css-874188{width: 25%;}body.kc-css-system .kc-css-3225538{width: 25%;}body.kc-css-system .kc-css-4327246{width: 25%;}body.kc-css-system .kc-css-2538382{width: 25%;}body.kc-css-system .kc-css-1729661{width: 25%;}body.kc-css-system .kc-css-4067599{width: 25%;}body.kc-css-system .kc-css-4207555{width: 25%;}body.kc-css-system .kc-css-3156388{width: 25%;}body.kc-css-system .kc-css-3016849{width: 25%;}body.kc-css-system .kc-css-4197832{width: 25%;}body.kc-css-system .kc-css-2217008{width: 33.33%;}body.kc-css-system .kc-css-2584165{width: 33.33%;}body.kc-css-system .kc-css-822419{width: 33.33%;}}body.kc-css-system .kc-css-3832242 ,body.kc-css-system .kc-css-3832242 p{color: #3b3b3b;font-family: Open Sans;font-size: 12px;line-height: 14px;font-weight: 600;text-transform: none;}body.kc-css-system .kc-css-1434814{color: #bfbfbf;font-size: 12px;font-weight: 600;}<\/style>\n<section class=\"kc-elm kc-css-710262 kc_row\">\n<div class=\"kc-row-container  kc-container\">\n<div class=\"kc-wrap-columns\">\n<div class=\"kc-elm kc-css-942698 kc_col-sm-12 kc_column kc_col-sm-12\">\n<div class=\"kc-col-container\">\n<div class=\"kc-elm kc-css-3278555 kc_text_block\">\n<h1>Proizvodni sistemi<\/h1>\n<\/div>\n<\/div>\n<\/div>\n<\/div>\n<\/div>\n<\/section>\n<section class=\"kc-elm kc-css-731787 kc_row\">\n<div class=\"kc-row-container  kc-container\">\n<div class=\"kc-wrap-columns\">\n<div class=\"kc-elm kc-css-3353228 kc_col-sm-3 kc_column kc_col-sm-3\">\n<div class=\"kc-col-container\">\n<div class=\"kc-elm kc-css-3950840 kc_text_block\">\n<h4>Leagilna proizvodnja<\/h4>\n<p>Verige vrednosti, projektno vodenje, so\u010dasni in\u017eeniring, agilne metode vodenja.<\/p>\n<\/div>\n<\/div>\n<\/div>\n<div class=\"kc-elm kc-css-2099752 kc_col-sm-3 kc_column kc_col-sm-3\">\n<div class=\"kc-col-container\">\n<div class=\"kc-elm kc-css-2931516 kc_text_block\">\n<h4>Modeliranje in simulacija<\/h4>\n<div>Modeliranje in umetna inteligenca, digitalni dvoj\u010dki, ve\u010dagentni sistemi<\/div>\n<\/div>\n<\/div>\n<\/div>\n<div class=\"kc-elm kc-css-1871318 kc_col-sm-3 kc_column kc_col-sm-3\">\n<div class=\"kc-col-container\">\n<div class=\"kc-elm kc-css-3172361 kc_text_block\">\n<h4>Deljena proizvodnja<\/h4>\n<div>Proizvodnja po modelu oblaka, blo\u010dno-veri\u017ene tehnologije.<\/div>\n<\/div>\n<\/div>\n<\/div>\n<div class=\"kc-elm kc-css-1792591 kc_col-sm-3 kc_column kc_col-sm-3\">\n<div class=\"kc-col-container\">\n<div class=\"kc-elm kc-css-4205256 kc_text_block\">\n<h4>Industrijski internet stvari<\/h4>\n<p>Spremljanje materialnega toka, komunikacija stroj-stroj.<\/p>\n<\/div>\n<\/div>\n<\/div>\n<\/div>\n<\/div>\n<\/section>\n<section class=\"kc-elm kc-css-3781555 kc_row\">\n<div class=\"kc-row-container  kc-container\">\n<div class=\"kc-wrap-columns\">\n<div class=\"kc-elm kc-css-2908271 kc_col-sm-12 kc_column kc_col-sm-12\">\n<div class=\"kc-col-container\">\n<div class=\"kc-elm kc-css-2626273 kc_text_block\">\n<h1>Robotika<\/h1>\n<\/div>\n<\/div>\n<\/div>\n<\/div>\n<\/div>\n<\/section>\n<section class=\"kc-elm kc-css-3452483 kc_row\">\n<div class=\"kc-row-container  kc-container\">\n<div class=\"kc-wrap-columns\">\n<div class=\"kc-elm kc-css-422280 kc_col-sm-3 kc_column kc_col-sm-3\">\n<div class=\"kc-col-container\">\n<div class=\"kc-elm kc-css-214472 kc_text_block\">\n<h4>Mobilna robotika<\/h4>\n<p>Sistemi upravljanja flote, podprti s spodbujevalnim u\u010denjem.<\/p>\n<\/div>\n<\/div>\n<\/div>\n<div class=\"kc-elm kc-css-705852 kc_col-sm-3 kc_column kc_col-sm-3\">\n<div class=\"kc-col-container\">\n<div class=\"kc-elm kc-css-3747606 kc_text_block\">\n<h4>Sodelovalna robotika<\/h4>\n<div>Fleksibilni sistem upravljanja robota na osnovi IMU.<\/div>\n<\/div>\n<\/div>\n<\/div>\n<div class=\"kc-elm kc-css-2806201 kc_col-sm-3 kc_column kc_col-sm-3\">\n<div class=\"kc-col-container\">\n<div class=\"kc-elm kc-css-3343160 kc_text_block\">\n<h4>Medicinske aplikacije<\/h4>\n<div>Adaptivno vodenje robotov za laserske terapije.<\/div>\n<\/div>\n<\/div>\n<\/div>\n<div class=\"kc-elm kc-css-827988 kc_col-sm-3 kc_column kc_col-sm-3\">\n<div class=\"kc-col-container\">\n<div class=\"kc-elm kc-css-1269862 kc_text_block\">\n<h4>Izobra\u017eevalna robotika<\/h4>\n<p>Izobra\u017eevalni roboti in tekmovanja.<\/p>\n<\/div>\n<\/div>\n<\/div>\n<\/div>\n<\/div>\n<\/section>\n<section class=\"kc-elm kc-css-2124528 kc_row\">\n<div class=\"kc-row-container  kc-container\">\n<div class=\"kc-wrap-columns\">\n<div class=\"kc-elm kc-css-3639145 kc_col-sm-3 kc_column kc_col-sm-3\">\n<div class=\"kc-col-container\">\n<div class=\"kc-elm kc-css-1987781 kc_shortcode kc_single_image\">\n<p>        <img decoding=\"async\" src=\"https:\/\/web.fs.uni-lj.si\/lampa\/wp-content\/uploads\/2021\/09\/turtlebot1-scaled-e1632071872596.jpg\" class=\"\" alt=\"\" \/>    <\/div>\n<\/div>\n<\/div>\n<div class=\"kc-elm kc-css-4028201 kc_col-sm-3 kc_column kc_col-sm-3\">\n<div class=\"kc-col-container\">\n<div class=\"kc-elm kc-css-751425 kc_shortcode kc_single_image\">\n<p>        <img decoding=\"async\" src=\"https:\/\/web.fs.uni-lj.si\/lampa\/wp-content\/uploads\/2021\/09\/imu2-scaled-e1632071914194.jpg\" class=\"\" alt=\"\" \/>    <\/div>\n<\/div>\n<\/div>\n<div class=\"kc-elm kc-css-874188 kc_col-sm-3 kc_column kc_col-sm-3\">\n<div class=\"kc-col-container\">\n<div class=\"kc-elm kc-css-1348512 kc_shortcode kc_single_image\">\n<p>        <img decoding=\"async\" src=\"https:\/\/web.fs.uni-lj.si\/lampa\/wp-content\/uploads\/2021\/09\/medical-e1632071962632.png\" class=\"\" alt=\"\" \/>    <\/div>\n<\/div>\n<\/div>\n<div class=\"kc-elm kc-css-3225538 kc_col-sm-3 kc_column kc_col-sm-3\">\n<div class=\"kc-col-container\">\n<div class=\"kc-elm kc-css-2336884 kc_shortcode kc_single_image\">\n<p>        <img decoding=\"async\" src=\"https:\/\/web.fs.uni-lj.si\/lampa\/wp-content\/uploads\/2021\/09\/educational1-e1632072009122.png\" class=\"\" alt=\"\" \/>    <\/div>\n<\/div>\n<\/div>\n<\/div>\n<\/div>\n<\/section>\n<section class=\"kc-elm kc-css-2493132 kc_row\">\n<div class=\"kc-row-container  kc-container\">\n<div class=\"kc-wrap-columns\">\n<div class=\"kc-elm kc-css-2615369 kc_col-sm-12 kc_column kc_col-sm-12\">\n<div class=\"kc-col-container\">\n<div class=\"kc-elm kc-css-1350899 kc_text_block\">\n<h1>Slikovni sistemi<\/h1>\n<\/div>\n<\/div>\n<\/div>\n<\/div>\n<\/div>\n<\/section>\n<section class=\"kc-elm kc-css-87388 kc_row\">\n<div class=\"kc-row-container  kc-container\">\n<div class=\"kc-wrap-columns\">\n<div class=\"kc-elm kc-css-4327246 kc_col-sm-3 kc_column kc_col-sm-3\">\n<div class=\"kc-col-container\">\n<div class=\"kc-elm kc-css-1442998 kc_text_block\">\n<h4>Nadzor kakovosti<\/h4>\n<p>Slikovni sistemi za 100% nadzor kakovosti.<\/p>\n<\/div>\n<\/div>\n<\/div>\n<div class=\"kc-elm kc-css-2538382 kc_col-sm-3 kc_column kc_col-sm-3\">\n<div class=\"kc-col-container\">\n<div class=\"kc-elm kc-css-3426354 kc_text_block\">\n<h4>Globoko u\u010denje<\/h4>\n<div>Globoke nevronske mre\u017ee za odkrivanje napak.<\/div>\n<\/div>\n<\/div>\n<\/div>\n<div class=\"kc-elm kc-css-1729661 kc_col-sm-3 kc_column kc_col-sm-3\">\n<div class=\"kc-col-container\">\n<div class=\"kc-elm kc-css-3344039 kc_text_block\">\n<h4>3D skenirni sistemi<\/h4>\n<div>Industrijski in robotski 3D skenirni sistemi po meri.<\/div>\n<\/div>\n<\/div>\n<\/div>\n<div class=\"kc-elm kc-css-4067599 kc_col-sm-3 kc_column kc_col-sm-3\">\n<div class=\"kc-col-container\">\n<div class=\"kc-elm kc-css-2560202 kc_text_block\">\n<h4>Medicinske aplikacije<\/h4>\n<p>Brezkontaktna fotopletizmografija, 3D skenirni sistemi za medicino.<\/p>\n<\/div>\n<\/div>\n<\/div>\n<\/div>\n<\/div>\n<\/section>\n<section class=\"kc-elm kc-css-465321 kc_row\">\n<div class=\"kc-row-container  kc-container\">\n<div class=\"kc-wrap-columns\">\n<div class=\"kc-elm kc-css-155830 kc_col-sm-12 kc_column kc_col-sm-12\">\n<div class=\"kc-col-container\">\n<div class=\"kc-elm kc-css-3079582 kc_text_block\">\n<h1>Avtomatizacija in umetna inteligenca<\/h1>\n<\/div>\n<\/div>\n<\/div>\n<\/div>\n<\/div>\n<\/section>\n<section class=\"kc-elm kc-css-3361415 kc_row\">\n<div class=\"kc-row-container  kc-container\">\n<div class=\"kc-wrap-columns\">\n<div class=\"kc-elm kc-css-4207555 kc_col-sm-3 kc_column kc_col-sm-3\">\n<div class=\"kc-col-container\">\n<div class=\"kc-elm kc-css-4240910 kc_text_block\">\n<h4>Mehatronski sistemi<\/h4>\n<p>Mehatronski sistemi po meri.<\/p>\n<\/div>\n<\/div>\n<\/div>\n<div class=\"kc-elm kc-css-3156388 kc_col-sm-3 kc_column kc_col-sm-3\">\n<div class=\"kc-col-container\">\n<div class=\"kc-elm kc-css-3554209 kc_text_block\">\n<h4>Spodbujevalno u\u010denje<\/h4>\n<div>Spodbujevalno u\u010denje za krmiljenje sistemov.<\/div>\n<\/div>\n<\/div>\n<\/div>\n<div class=\"kc-elm kc-css-3016849 kc_col-sm-3 kc_column kc_col-sm-3\">\n<div class=\"kc-col-container\">\n<div class=\"kc-elm kc-css-1270660 kc_text_block\">\n<h4>Avtomatizacija<\/h4>\n<div>Algoritmi adaptivnega krmiljenja.<\/div>\n<\/div>\n<\/div>\n<\/div>\n<div class=\"kc-elm kc-css-4197832 kc_col-sm-3 kc_column kc_col-sm-3\">\n<div class=\"kc-col-container\">\n<div class=\"kc-elm kc-css-921809 kc_text_block\">\n<h4>Umetna inteligenca<\/h4>\n<p>Napovedovanje \u010dasa do odpovedi, klasifikacija izdelkov.<\/p>\n<\/div>\n<\/div>\n<\/div>\n<\/div>\n<\/div>\n<\/section>\n<section class=\"kc-elm kc-css-1609426 kc_row\">\n<div class=\"kc-row-container  kc-container\">\n<div class=\"kc-wrap-columns\">\n<div class=\"kc-elm kc-css-1043398 kc_col-sm-12 kc_column kc_col-sm-12\">\n<div class=\"kc-col-container\">\n<div class=\"kc-elm kc-css-660901\" style=\"height: 90px; clear: both; width:100%;\"><\/div>\n<\/div>\n<\/div>\n<\/div>\n<\/div>\n<\/section>\n<section class=\"kc-elm kc-css-164793 kc_row\">\n<div class=\"kc-row-container  kc-container\">\n<div class=\"kc-wrap-columns\">\n<div class=\"kc-elm kc-css-2217008 kc_col-sm-4 kc_column kc_col-sm-4\">\n<div class=\"kc-col-container\">\n<div class=\"kc-elm kc-css-3832242 kc_text_block\">\n<h4>LAMPA<\/h4>\n<p>Laboratorij za mehatroniko, proizvodne sisteme in avtomatizacijo<\/p>\n<p>Fakulteta za strojni\u0161tvo, Univerza v Ljubljani<\/p>\n<p>A\u0161ker\u010deva 6<\/p>\n<p>1000 Ljubljana<\/p>\n<p>Slovenija<\/p>\n<\/div>\n<\/div>\n<\/div>\n<div class=\"kc-elm kc-css-2584165 kc_col-sm-4 kc_column kc_col-sm-4\">\n<div class=\"kc-col-container\">\n<div class=\"widget widget_nav_menu kc-elm kc-css-1434814\">\n<div class=\"menu-menu-footer-si-container\">\n<ul id=\"menu-menu-footer-si-1\" class=\"menu\">\n<li class=\"menu-item menu-item-type-post_type menu-item-object-page menu-item-4599\"><a href=\"https:\/\/web.fs.uni-lj.si\/lampa\/ekipa\/\">Ekipa<\/a><\/li>\n<li class=\"menu-item menu-item-type-post_type menu-item-object-page menu-item-4600\"><a href=\"https:\/\/web.fs.uni-lj.si\/lampa\/raziskave\/\">Raziskave<\/a><\/li>\n<li class=\"menu-item menu-item-type-post_type menu-item-object-page menu-item-4601\"><a href=\"https:\/\/web.fs.uni-lj.si\/lampa\/clanki\/\">\u010clanki<\/a><\/li>\n<li class=\"menu-item menu-item-type-post_type menu-item-object-page menu-item-4602\"><a href=\"https:\/\/web.fs.uni-lj.si\/lampa\/dogodki\/\">Dogodki<\/a><\/li>\n<li class=\"menu-item menu-item-type-post_type menu-item-object-page menu-item-4603\"><a href=\"https:\/\/web.fs.uni-lj.si\/lampa\/projekti\/\">Projekti<\/a><\/li>\n<li class=\"menu-item menu-item-type-post_type menu-item-object-page menu-item-4604\"><a href=\"https:\/\/web.fs.uni-lj.si\/lampa\/studenti\/\">\u0160tudenti<\/a><\/li>\n<\/ul>\n<\/div>\n<\/div>\n<\/div>\n<\/div>\n<div class=\"kc-elm kc-css-822419 kc_col-sm-4 kc_column kc_col-sm-4\">\n<div class=\"kc-col-container\"><\/div>\n<\/div>\n<\/div>\n<\/div>\n<\/section>\n<section class=\"kc-elm kc-css-2949045 kc_row\">\n<div class=\"kc-row-container  kc-container\">\n<div class=\"kc-wrap-columns\">\n<div class=\"kc-elm kc-css-880507 kc_col-sm-12 kc_column kc_col-sm-12\">\n<div class=\"kc-col-container\">\n<div class=\"kc-elm kc-css-1241720\" style=\"height: 30px; clear: both; width:100%;\"><\/div>\n<\/div>\n<\/div>\n<\/div>\n<\/div>\n<\/section>\n","protected":false},"excerpt":{"rendered":"<p>Proizvodni sistemi Leagilna proizvodnja Verige vrednosti, projektno vodenje, so\u010dasni in\u017eeniring, agilne metode vodenja. Modeliranje in simulacija Modeliranje in umetna inteligenca, digitalni dvoj\u010dki, ve\u010dagentni sistemi Deljena proizvodnja Proizvodnja po modelu oblaka, blo\u010dno-veri\u017ene tehnologije. Industrijski internet stvari Spremljanje materialnega toka, komunikacija stroj-stroj. Robotika Mobilna robotika Sistemi upravljanja flote, podprti s spodbujevalnim u\u010denjem. Sodelovalna robotika Fleksibilni sistem upravljanja [&hellip;]<\/p>\n","protected":false},"author":1,"featured_media":0,"parent":0,"menu_order":0,"comment_status":"closed","ping_status":"closed","template":"","meta":{"footnotes":""},"folder":[465],"class_list":["post-3196","page","type-page","status-publish","hentry"],"_links":{"self":[{"href":"https:\/\/web.fs.uni-lj.si\/lampa\/wp-json\/wp\/v2\/pages\/3196","targetHints":{"allow":["GET"]}}],"collection":[{"href":"https:\/\/web.fs.uni-lj.si\/lampa\/wp-json\/wp\/v2\/pages"}],"about":[{"href":"https:\/\/web.fs.uni-lj.si\/lampa\/wp-json\/wp\/v2\/types\/page"}],"author":[{"embeddable":true,"href":"https:\/\/web.fs.uni-lj.si\/lampa\/wp-json\/wp\/v2\/users\/1"}],"replies":[{"embeddable":true,"href":"https:\/\/web.fs.uni-lj.si\/lampa\/wp-json\/wp\/v2\/comments?post=3196"}],"version-history":[{"count":5,"href":"https:\/\/web.fs.uni-lj.si\/lampa\/wp-json\/wp\/v2\/pages\/3196\/revisions"}],"predecessor-version":[{"id":5064,"href":"https:\/\/web.fs.uni-lj.si\/lampa\/wp-json\/wp\/v2\/pages\/3196\/revisions\/5064"}],"wp:attachment":[{"href":"https:\/\/web.fs.uni-lj.si\/lampa\/wp-json\/wp\/v2\/media?parent=3196"}],"wp:term":[{"taxonomy":"folder","embeddable":true,"href":"https:\/\/web.fs.uni-lj.si\/lampa\/wp-json\/wp\/v2\/folder?post=3196"}],"curies":[{"name":"wp","href":"https:\/\/api.w.org\/{rel}","templated":true}]}}