{"id":1661,"date":"2018-03-06T11:32:53","date_gmt":"2018-03-06T10:32:53","guid":{"rendered":"http:\/\/web.fs.uni-lj.si\/cem\/?page_id=1661"},"modified":"2020-05-13T12:19:13","modified_gmt":"2020-05-13T11:19:13","slug":"teme-zakljucnih-in-magisterskih-nalog","status":"publish","type":"page","link":"https:\/\/web.fs.uni-lj.si\/cem\/?page_id=1661&lang=sl","title":{"rendered":"Teme zaklju\u010dnih in magistrskih nalog"},"content":{"rendered":"<p>Objavljamo seznama mo\u017enih tem <a href=\"http:\/\/web.fs.uni-lj.si\/cem\/wp-content\/uploads\/2020\/04\/Teme_zakljucnih_nalog_19-20_v3.pdf\" target=\"_blank\" rel=\"noopener\">zaklju\u010dnih\/diplomskih<\/a> in <a href=\"http:\/\/web.fs.uni-lj.si\/cem\/wp-content\/uploads\/2020\/04\/Teme_magisterskih_nalog_19-20_v3.pdf\" target=\"_blank\" rel=\"noopener\">magistrskih<\/a> nalog. Seznama se bosta obnavljala.<\/p>\n<p>Navedene so teme zaklju\u010dnih in diplomskih nalog, ki so delno prilagojene na trenutno situacijo\u00a0vezano na COVID-19. Predlagane teme so okvirne in jih lahko priredimo \u017eeljam, predlogom in idejam kandidata(ke). Zelo spodbujamo tudi udele\u017ebo na \u0160tudentski tehni\u0161ki konferenci &#8211;\u00a0<a href=\"https:\/\/www.fs.uni-lj.si\/raziskovalna_dejavnost\/raziskovalna_dejavnost\/raziskovalna_dejavnost_studentov\/studentska_tehniska_konferenca_stekam\/\">STeKam<\/a>.<\/p>\n","protected":false},"excerpt":{"rendered":"<p>Objavljamo seznama mo\u017enih tem zaklju\u010dnih\/diplomskih in magistrskih nalog. Seznama se bosta obnavljala. Navedene so teme zaklju\u010dnih in diplomskih nalog, ki so delno prilagojene na trenutno situacijo\u00a0vezano na COVID-19. Predlagane teme so okvirne in jih lahko priredimo \u017eeljam, predlogom in idejam kandidata(ke). Zelo spodbujamo tudi udele\u017ebo na \u0160tudentski tehni\u0161ki konferenci &#8211;\u00a0STeKam.<\/p>\n","protected":false},"author":1,"featured_media":0,"parent":1484,"menu_order":0,"comment_status":"closed","ping_status":"closed","template":"","meta":{"_et_pb_use_builder":"","_et_pb_old_content":"","_et_gb_content_width":"","footnotes":""},"class_list":["post-1661","page","type-page","status-publish","hentry"],"aioseo_notices":[],"_links":{"self":[{"href":"https:\/\/web.fs.uni-lj.si\/cem\/index.php?rest_route=\/wp\/v2\/pages\/1661","targetHints":{"allow":["GET"]}}],"collection":[{"href":"https:\/\/web.fs.uni-lj.si\/cem\/index.php?rest_route=\/wp\/v2\/pages"}],"about":[{"href":"https:\/\/web.fs.uni-lj.si\/cem\/index.php?rest_route=\/wp\/v2\/types\/page"}],"author":[{"embeddable":true,"href":"https:\/\/web.fs.uni-lj.si\/cem\/index.php?rest_route=\/wp\/v2\/users\/1"}],"replies":[{"embeddable":true,"href":"https:\/\/web.fs.uni-lj.si\/cem\/index.php?rest_route=%2Fwp%2Fv2%2Fcomments&post=1661"}],"version-history":[{"count":5,"href":"https:\/\/web.fs.uni-lj.si\/cem\/index.php?rest_route=\/wp\/v2\/pages\/1661\/revisions"}],"predecessor-version":[{"id":1872,"href":"https:\/\/web.fs.uni-lj.si\/cem\/index.php?rest_route=\/wp\/v2\/pages\/1661\/revisions\/1872"}],"up":[{"embeddable":true,"href":"https:\/\/web.fs.uni-lj.si\/cem\/index.php?rest_route=\/wp\/v2\/pages\/1484"}],"wp:attachment":[{"href":"https:\/\/web.fs.uni-lj.si\/cem\/index.php?rest_route=%2Fwp%2Fv2%2Fmedia&parent=1661"}],"curies":[{"name":"wp","href":"https:\/\/api.w.org\/{rel}","templated":true}]}}