{"id":7451,"date":"2021-11-23T21:19:37","date_gmt":"2021-11-23T20:19:37","guid":{"rendered":"https:\/\/web.fs.uni-lj.si\/avio\/?page_id=7451"},"modified":"2022-03-23T08:35:39","modified_gmt":"2022-03-23T07:35:39","slug":"ppla-teoreticni-tecaj","status":"publish","type":"page","link":"https:\/\/web.fs.uni-lj.si\/avio\/ppla-teoreticni-tecaj\/","title":{"rendered":"PPL(A) teoreti\u010dni te\u010daj"},"content":{"rendered":"<p>Da bi \u0161tudentom olaj\u0161ali doseganje pogoja za pristop k <a href=\"https:\/\/web.fs.uni-lj.si\/avio\/studij\/atpl\/\">ATPL \u0161tudiju<\/a> in prenesli znanja o letalstvu na druge bodo\u010de pilote, smo pridobili dovoljenja za izvedbo PPL(A) teoreti\u010dnega te\u010daja.<\/p>\n\n\n\n<p>Prvi PPL(A) te\u010daj na Fakulteti za strojni\u0161tvo, je potekal od konca novembra 2021, do marca 2022 s tesnim sodelovanjem z izku\u0161enimi predavatelji iz Slovenske vojske ter izku\u0161enimi predavatelji iz Fakultete za strojni\u0161tvo. Zaradi Covid omejitev, je bil te\u010daj prete\u017eno izveden v virtualnih u\u010dilnicah.<\/p>\n\n\n\n<p>V kratkem bomo izvedli tudi nov PPL(A) teoreti\u010dni te\u010daj. Za ve\u010d informacij, pi\u0161ite na igor.petrovic@fs.uni-lj.si in spremljajte spletno stran.<\/p>\n\n\n\n<figure class=\"wp-block-image size-large\"><img decoding=\"async\" src=\"https:\/\/web.fs.uni-lj.si\/avio\/wp-content\/uploads\/2021\/11\/ppl01-scaled.jpg\" alt=\"\"\/><\/figure>\n\n\n\n<p>Na na\u0161i letalski \u0161oli kandidati poslu\u0161ajo PPL(A) teorijo in opravijo interno preverjanje znanja, ob uspe\u0161nem zaklju\u010dku pa se lahko prijavijo na opravljanje teoreti\u010dnega izpita pri Javni agenciji za civilno letalstvo Republike Slovenije (<a href=\"https:\/\/www.caa.si\/piloti.html\">CAA<\/a>). Sledi opravljanje prakti\u010dnega te\u010daja v drugih letalskih \u0161olah.<\/p>","protected":false},"excerpt":{"rendered":"<p>Da bi \u0161tudentom olaj\u0161ali doseganje pogoja za pristop k ATPL \u0161tudiju in prenesli znanja o letalstvu na druge bodo\u010de pilote, smo pridobili dovoljenja za izvedbo PPL(A) teoreti\u010dnega te\u010daja. Prvi PPL(A) te\u010daj na Fakulteti za strojni\u0161tvo, je potekal od konca novembra 2021, do marca 2022 s tesnim sodelovanjem z izku\u0161enimi predavatelji iz Slovenske vojske ter izku\u0161enimi [&hellip;]<\/p>\n","protected":false},"author":4,"featured_media":0,"parent":0,"menu_order":0,"comment_status":"closed","ping_status":"closed","template":"","meta":{"footnotes":""},"class_list":["post-7451","page","type-page","status-publish","hentry"],"yoast_head":"<!-- This site is optimized with the Yoast SEO plugin v27.3 - https:\/\/yoast.com\/product\/yoast-seo-wordpress\/ -->\n<title>PPL(A) teoreti\u010dni te\u010daj &#8212; Laboratorij za aeronavtiko<\/title>\n<meta name=\"robots\" content=\"index, follow, max-snippet:-1, max-image-preview:large, max-video-preview:-1\" \/>\n<link rel=\"canonical\" href=\"https:\/\/web.fs.uni-lj.si\/avio\/ppla-teoreticni-tecaj\/\" \/>\n<meta property=\"og:locale\" content=\"sl_SI\" \/>\n<meta property=\"og:type\" content=\"article\" \/>\n<meta property=\"og:title\" content=\"PPL(A) teoreti\u010dni te\u010daj &#8212; Laboratorij za aeronavtiko\" \/>\n<meta property=\"og:description\" content=\"Da bi \u0161tudentom olaj\u0161ali doseganje pogoja za pristop k ATPL \u0161tudiju in prenesli znanja o letalstvu na druge bodo\u010de pilote, smo pridobili dovoljenja za izvedbo PPL(A) teoreti\u010dnega te\u010daja. Prvi PPL(A) te\u010daj na Fakulteti za strojni\u0161tvo, je potekal od konca novembra 2021, do marca 2022 s tesnim sodelovanjem z izku\u0161enimi predavatelji iz Slovenske vojske ter izku\u0161enimi [&hellip;]\" \/>\n<meta property=\"og:url\" content=\"https:\/\/web.fs.uni-lj.si\/avio\/ppla-teoreticni-tecaj\/\" \/>\n<meta property=\"og:site_name\" content=\"Laboratorij za aeronavtiko\" \/>\n<meta property=\"article:modified_time\" content=\"2022-03-23T07:35:39+00:00\" \/>\n<meta property=\"og:image\" content=\"https:\/\/web.fs.uni-lj.si\/avio\/wp-content\/uploads\/2021\/11\/ppl01-scaled.jpg\" \/>\n<meta name=\"twitter:card\" content=\"summary_large_image\" \/>\n<script type=\"application\/ld+json\" class=\"yoast-schema-graph\">{\"@context\":\"https:\\\/\\\/schema.org\",\"@graph\":[{\"@type\":\"WebPage\",\"@id\":\"https:\\\/\\\/web.fs.uni-lj.si\\\/avio\\\/ppla-teoreticni-tecaj\\\/\",\"url\":\"https:\\\/\\\/web.fs.uni-lj.si\\\/avio\\\/ppla-teoreticni-tecaj\\\/\",\"name\":\"PPL(A) teoreti\u010dni te\u010daj &#8212; Laboratorij za aeronavtiko\",\"isPartOf\":{\"@id\":\"https:\\\/\\\/web.fs.uni-lj.si\\\/avio\\\/#website\"},\"primaryImageOfPage\":{\"@id\":\"https:\\\/\\\/web.fs.uni-lj.si\\\/avio\\\/ppla-teoreticni-tecaj\\\/#primaryimage\"},\"image\":{\"@id\":\"https:\\\/\\\/web.fs.uni-lj.si\\\/avio\\\/ppla-teoreticni-tecaj\\\/#primaryimage\"},\"thumbnailUrl\":\"https:\\\/\\\/web.fs.uni-lj.si\\\/avio\\\/wp-content\\\/uploads\\\/2021\\\/11\\\/ppl01-scaled.jpg\",\"datePublished\":\"2021-11-23T20:19:37+00:00\",\"dateModified\":\"2022-03-23T07:35:39+00:00\",\"breadcrumb\":{\"@id\":\"https:\\\/\\\/web.fs.uni-lj.si\\\/avio\\\/ppla-teoreticni-tecaj\\\/#breadcrumb\"},\"inLanguage\":\"sl-SI\",\"potentialAction\":[{\"@type\":\"ReadAction\",\"target\":[\"https:\\\/\\\/web.fs.uni-lj.si\\\/avio\\\/ppla-teoreticni-tecaj\\\/\"]}]},{\"@type\":\"ImageObject\",\"inLanguage\":\"sl-SI\",\"@id\":\"https:\\\/\\\/web.fs.uni-lj.si\\\/avio\\\/ppla-teoreticni-tecaj\\\/#primaryimage\",\"url\":\"https:\\\/\\\/web.fs.uni-lj.si\\\/avio\\\/wp-content\\\/uploads\\\/2021\\\/11\\\/ppl01-scaled.jpg\",\"contentUrl\":\"https:\\\/\\\/web.fs.uni-lj.si\\\/avio\\\/wp-content\\\/uploads\\\/2021\\\/11\\\/ppl01-scaled.jpg\",\"width\":2560,\"height\":1440},{\"@type\":\"BreadcrumbList\",\"@id\":\"https:\\\/\\\/web.fs.uni-lj.si\\\/avio\\\/ppla-teoreticni-tecaj\\\/#breadcrumb\",\"itemListElement\":[{\"@type\":\"ListItem\",\"position\":1,\"name\":\"Home\",\"item\":\"https:\\\/\\\/web.fs.uni-lj.si\\\/avio\\\/\"},{\"@type\":\"ListItem\",\"position\":2,\"name\":\"PPL(A) teoreti\u010dni te\u010daj\"}]},{\"@type\":\"WebSite\",\"@id\":\"https:\\\/\\\/web.fs.uni-lj.si\\\/avio\\\/#website\",\"url\":\"https:\\\/\\\/web.fs.uni-lj.si\\\/avio\\\/\",\"name\":\"Laboratorij za aeronavtiko\",\"description\":\"Oddelek za letalstvo, Fakulteta za strojni\u0161tvo, UL\",\"potentialAction\":[{\"@type\":\"SearchAction\",\"target\":{\"@type\":\"EntryPoint\",\"urlTemplate\":\"https:\\\/\\\/web.fs.uni-lj.si\\\/avio\\\/?s={search_term_string}\"},\"query-input\":{\"@type\":\"PropertyValueSpecification\",\"valueRequired\":true,\"valueName\":\"search_term_string\"}}],\"inLanguage\":\"sl-SI\"}]}<\/script>\n<!-- \/ Yoast SEO plugin. -->","yoast_head_json":{"title":"PPL(A) teoreti\u010dni te\u010daj &#8212; Laboratorij za aeronavtiko","robots":{"index":"index","follow":"follow","max-snippet":"max-snippet:-1","max-image-preview":"max-image-preview:large","max-video-preview":"max-video-preview:-1"},"canonical":"https:\/\/web.fs.uni-lj.si\/avio\/ppla-teoreticni-tecaj\/","og_locale":"sl_SI","og_type":"article","og_title":"PPL(A) teoreti\u010dni te\u010daj &#8212; Laboratorij za aeronavtiko","og_description":"Da bi \u0161tudentom olaj\u0161ali doseganje pogoja za pristop k ATPL \u0161tudiju in prenesli znanja o letalstvu na druge bodo\u010de pilote, smo pridobili dovoljenja za izvedbo PPL(A) teoreti\u010dnega te\u010daja. Prvi PPL(A) te\u010daj na Fakulteti za strojni\u0161tvo, je potekal od konca novembra 2021, do marca 2022 s tesnim sodelovanjem z izku\u0161enimi predavatelji iz Slovenske vojske ter izku\u0161enimi [&hellip;]","og_url":"https:\/\/web.fs.uni-lj.si\/avio\/ppla-teoreticni-tecaj\/","og_site_name":"Laboratorij za aeronavtiko","article_modified_time":"2022-03-23T07:35:39+00:00","og_image":[{"url":"https:\/\/web.fs.uni-lj.si\/avio\/wp-content\/uploads\/2021\/11\/ppl01-scaled.jpg","type":"","width":"","height":""}],"twitter_card":"summary_large_image","schema":{"@context":"https:\/\/schema.org","@graph":[{"@type":"WebPage","@id":"https:\/\/web.fs.uni-lj.si\/avio\/ppla-teoreticni-tecaj\/","url":"https:\/\/web.fs.uni-lj.si\/avio\/ppla-teoreticni-tecaj\/","name":"PPL(A) teoreti\u010dni te\u010daj &#8212; Laboratorij za aeronavtiko","isPartOf":{"@id":"https:\/\/web.fs.uni-lj.si\/avio\/#website"},"primaryImageOfPage":{"@id":"https:\/\/web.fs.uni-lj.si\/avio\/ppla-teoreticni-tecaj\/#primaryimage"},"image":{"@id":"https:\/\/web.fs.uni-lj.si\/avio\/ppla-teoreticni-tecaj\/#primaryimage"},"thumbnailUrl":"https:\/\/web.fs.uni-lj.si\/avio\/wp-content\/uploads\/2021\/11\/ppl01-scaled.jpg","datePublished":"2021-11-23T20:19:37+00:00","dateModified":"2022-03-23T07:35:39+00:00","breadcrumb":{"@id":"https:\/\/web.fs.uni-lj.si\/avio\/ppla-teoreticni-tecaj\/#breadcrumb"},"inLanguage":"sl-SI","potentialAction":[{"@type":"ReadAction","target":["https:\/\/web.fs.uni-lj.si\/avio\/ppla-teoreticni-tecaj\/"]}]},{"@type":"ImageObject","inLanguage":"sl-SI","@id":"https:\/\/web.fs.uni-lj.si\/avio\/ppla-teoreticni-tecaj\/#primaryimage","url":"https:\/\/web.fs.uni-lj.si\/avio\/wp-content\/uploads\/2021\/11\/ppl01-scaled.jpg","contentUrl":"https:\/\/web.fs.uni-lj.si\/avio\/wp-content\/uploads\/2021\/11\/ppl01-scaled.jpg","width":2560,"height":1440},{"@type":"BreadcrumbList","@id":"https:\/\/web.fs.uni-lj.si\/avio\/ppla-teoreticni-tecaj\/#breadcrumb","itemListElement":[{"@type":"ListItem","position":1,"name":"Home","item":"https:\/\/web.fs.uni-lj.si\/avio\/"},{"@type":"ListItem","position":2,"name":"PPL(A) teoreti\u010dni te\u010daj"}]},{"@type":"WebSite","@id":"https:\/\/web.fs.uni-lj.si\/avio\/#website","url":"https:\/\/web.fs.uni-lj.si\/avio\/","name":"Laboratorij za aeronavtiko","description":"Oddelek za letalstvo, Fakulteta za strojni\u0161tvo, UL","potentialAction":[{"@type":"SearchAction","target":{"@type":"EntryPoint","urlTemplate":"https:\/\/web.fs.uni-lj.si\/avio\/?s={search_term_string}"},"query-input":{"@type":"PropertyValueSpecification","valueRequired":true,"valueName":"search_term_string"}}],"inLanguage":"sl-SI"}]}},"_links":{"self":[{"href":"https:\/\/web.fs.uni-lj.si\/avio\/wp-json\/wp\/v2\/pages\/7451","targetHints":{"allow":["GET"]}}],"collection":[{"href":"https:\/\/web.fs.uni-lj.si\/avio\/wp-json\/wp\/v2\/pages"}],"about":[{"href":"https:\/\/web.fs.uni-lj.si\/avio\/wp-json\/wp\/v2\/types\/page"}],"author":[{"embeddable":true,"href":"https:\/\/web.fs.uni-lj.si\/avio\/wp-json\/wp\/v2\/users\/4"}],"replies":[{"embeddable":true,"href":"https:\/\/web.fs.uni-lj.si\/avio\/wp-json\/wp\/v2\/comments?post=7451"}],"version-history":[{"count":5,"href":"https:\/\/web.fs.uni-lj.si\/avio\/wp-json\/wp\/v2\/pages\/7451\/revisions"}],"predecessor-version":[{"id":12152,"href":"https:\/\/web.fs.uni-lj.si\/avio\/wp-json\/wp\/v2\/pages\/7451\/revisions\/12152"}],"wp:attachment":[{"href":"https:\/\/web.fs.uni-lj.si\/avio\/wp-json\/wp\/v2\/media?parent=7451"}],"curies":[{"name":"wp","href":"https:\/\/api.w.org\/{rel}","templated":true}]}}