{"id":35,"date":"2017-03-01T10:01:54","date_gmt":"2017-03-01T09:01:54","guid":{"rendered":"http:\/\/web.fs.uni-lj.si\/avio\/?page_id=35"},"modified":"2026-03-17T09:24:27","modified_gmt":"2026-03-17T08:24:27","slug":"kontakt","status":"publish","type":"page","link":"https:\/\/web.fs.uni-lj.si\/avio\/kontakt\/","title":{"rendered":"\u010clani laboratorija:"},"content":{"rendered":"<div id=\"pl-35\"  class=\"panel-layout\" ><div id=\"pg-35-0\"  class=\"panel-grid panel-no-style\" ><div id=\"pgc-35-0-0\"  class=\"panel-grid-cell\" ><div id=\"panel-35-0-0-0\" class=\"so-panel widget widget_sow-editor panel-first-child panel-last-child\" data-index=\"0\" ><div\n\t\t\t\n\t\t\tclass=\"so-widget-sow-editor so-widget-sow-editor-base\"\n\t\t\t\n\t\t>\n<div class=\"siteorigin-widget-tinymce textwidget\">\n\t<\/div>\n<\/div><\/div><\/div><\/div><div id=\"pg-35-1\"  class=\"panel-grid panel-no-style\" ><div id=\"pgc-35-1-0\"  class=\"panel-grid-cell\" ><div id=\"panel-35-1-0-0\" class=\"so-panel widget widget_sow-editor panel-first-child\" data-index=\"1\" ><div class=\"panel-widget-style panel-widget-style-for-35-1-0-0\" ><div\n\t\t\t\n\t\t\tclass=\"so-widget-sow-editor so-widget-sow-editor-base\"\n\t\t\t\n\t\t><h3 class=\"widget-title\">Vodja laboratorija<\/h3>\n<div class=\"siteorigin-widget-tinymce textwidget\">\n\t<p><img loading=\"lazy\" decoding=\"async\" class=\"alignleft wp-image-16601\" src=\"https:\/\/web.fs.uni-lj.si\/avio\/wp-content\/uploads\/2022\/10\/Petrovic-Igor-8_square-300x300.jpg\" alt=\"\" width=\"200\" height=\"200\" srcset=\"https:\/\/web.fs.uni-lj.si\/avio\/wp-content\/uploads\/2022\/10\/Petrovic-Igor-8_square-300x300.jpg 300w, https:\/\/web.fs.uni-lj.si\/avio\/wp-content\/uploads\/2022\/10\/Petrovic-Igor-8_square-1024x1024.jpg 1024w, https:\/\/web.fs.uni-lj.si\/avio\/wp-content\/uploads\/2022\/10\/Petrovic-Igor-8_square-150x150.jpg 150w, https:\/\/web.fs.uni-lj.si\/avio\/wp-content\/uploads\/2022\/10\/Petrovic-Igor-8_square-768x768.jpg 768w, https:\/\/web.fs.uni-lj.si\/avio\/wp-content\/uploads\/2022\/10\/Petrovic-Igor-8_square-1536x1536.jpg 1536w, https:\/\/web.fs.uni-lj.si\/avio\/wp-content\/uploads\/2022\/10\/Petrovic-Igor-8_square-2048x2048.jpg 2048w\" sizes=\"auto, (max-width: 200px) 100vw, 200px\" \/><strong>vi\u0161. pred. dr. Igor Petrovi\u0107<\/strong><em><br \/>\n(+386) 1 4771 611<\/em><br \/>\n<em>igor.petrovic@fs.uni-lj.si<\/em><\/p>\n<\/div>\n<\/div><\/div><\/div><div id=\"panel-35-1-0-1\" class=\"so-panel widget widget_sow-editor\" data-index=\"2\" ><div\n\t\t\t\n\t\t\tclass=\"so-widget-sow-editor so-widget-sow-editor-base\"\n\t\t\t\n\t\t><h3 class=\"widget-title\">Vodja letalske \u0161ole<\/h3>\n<div class=\"siteorigin-widget-tinymce textwidget\">\n\t<p style=\"text-align: left;\"><em><img loading=\"lazy\" decoding=\"async\" class=\"wp-image-2245 alignleft\" src=\"https:\/\/web.fs.uni-lj.si\/avio\/wp-content\/uploads\/2021\/01\/Grebensek-300x300.jpg\" alt=\"\" width=\"200\" height=\"200\" srcset=\"https:\/\/web.fs.uni-lj.si\/avio\/wp-content\/uploads\/2021\/01\/Grebensek-300x300.jpg 300w, https:\/\/web.fs.uni-lj.si\/avio\/wp-content\/uploads\/2021\/01\/Grebensek-150x150.jpg 150w, https:\/\/web.fs.uni-lj.si\/avio\/wp-content\/uploads\/2021\/01\/Grebensek.jpg 654w\" sizes=\"auto, (max-width: 200px) 100vw, 200px\" \/><\/em><strong>vi\u0161. pred. dr. Andrej Greben\u0161ek<\/strong><br \/>\n<em>andrej.grebensek@fs.uni-lj.si<\/em><\/p>\n<\/div>\n<\/div><\/div><div id=\"panel-35-1-0-2\" class=\"so-panel widget widget_sow-editor\" data-index=\"3\" ><div\n\t\t\t\n\t\t\tclass=\"so-widget-sow-editor so-widget-sow-editor-base\"\n\t\t\t\n\t\t>\n<div class=\"siteorigin-widget-tinymce textwidget\">\n\t<p style=\"text-align: left;\"><em><img loading=\"lazy\" decoding=\"async\" class=\"alignleft wp-image-34027\" src=\"https:\/\/web.fs.uni-lj.si\/avio\/wp-content\/uploads\/2024\/10\/aleksej_majkic-scaled-e1730107107260-300x300.jpg\" alt=\"\" width=\"200\" height=\"200\" srcset=\"https:\/\/web.fs.uni-lj.si\/avio\/wp-content\/uploads\/2024\/10\/aleksej_majkic-scaled-e1730107107260-300x300.jpg 300w, https:\/\/web.fs.uni-lj.si\/avio\/wp-content\/uploads\/2024\/10\/aleksej_majkic-scaled-e1730107107260-1024x1024.jpg 1024w, https:\/\/web.fs.uni-lj.si\/avio\/wp-content\/uploads\/2024\/10\/aleksej_majkic-scaled-e1730107107260-150x150.jpg 150w, https:\/\/web.fs.uni-lj.si\/avio\/wp-content\/uploads\/2024\/10\/aleksej_majkic-scaled-e1730107107260-768x768.jpg 768w, https:\/\/web.fs.uni-lj.si\/avio\/wp-content\/uploads\/2024\/10\/aleksej_majkic-scaled-e1730107107260.jpg 1437w\" sizes=\"auto, (max-width: 200px) 100vw, 200px\" \/><\/em><strong>asist. <em>dr. Aleksej Majki\u0107<\/em><\/strong><em><br \/>\n(+386) 1 4771 613<\/em><br \/>\n<em>aleksej.majkic@fs.uni-lj.si<\/em><\/p>\n<\/div>\n<\/div><\/div><div id=\"panel-35-1-0-3\" class=\"so-panel widget widget_sow-editor\" data-index=\"4\" ><div class=\"panel-widget-style panel-widget-style-for-35-1-0-3\" ><div\n\t\t\t\n\t\t\tclass=\"so-widget-sow-editor so-widget-sow-editor-base\"\n\t\t\t\n\t\t>\n<div class=\"siteorigin-widget-tinymce textwidget\">\n\t<p><img loading=\"lazy\" decoding=\"async\" class=\"wp-image-15713 alignleft\" src=\"https:\/\/web.fs.uni-lj.si\/avio\/wp-content\/uploads\/2022\/10\/Peter-slika.jpg\" alt=\"\" width=\"200\" height=\"200\" \/><strong>asist. <em>Peter Pipp<\/em><\/strong><em><br \/>\n(+386) 1 4771 613<\/em><br \/>\n<em>peter.pipp@fs.uni-lj.si<\/em><\/p>\n<\/div>\n<\/div><\/div><\/div><div id=\"panel-35-1-0-4\" class=\"so-panel widget widget_sow-editor\" data-index=\"5\" ><div class=\"panel-widget-style panel-widget-style-for-35-1-0-4\" ><div\n\t\t\t\n\t\t\tclass=\"so-widget-sow-editor so-widget-sow-editor-base\"\n\t\t\t\n\t\t>\n<div class=\"siteorigin-widget-tinymce textwidget\">\n\t<p><strong><img loading=\"lazy\" decoding=\"async\" class=\"alignleft wp-image-34084\" src=\"https:\/\/web.fs.uni-lj.si\/avio\/wp-content\/uploads\/2026\/03\/IMG_2723-1-scaled-e1773735562368-300x300.jpg\" alt=\"\" width=\"200\" height=\"200\" srcset=\"https:\/\/web.fs.uni-lj.si\/avio\/wp-content\/uploads\/2026\/03\/IMG_2723-1-scaled-e1773735562368-300x300.jpg 300w, https:\/\/web.fs.uni-lj.si\/avio\/wp-content\/uploads\/2026\/03\/IMG_2723-1-scaled-e1773735562368-1024x1024.jpg 1024w, https:\/\/web.fs.uni-lj.si\/avio\/wp-content\/uploads\/2026\/03\/IMG_2723-1-scaled-e1773735562368-150x150.jpg 150w, https:\/\/web.fs.uni-lj.si\/avio\/wp-content\/uploads\/2026\/03\/IMG_2723-1-scaled-e1773735562368-768x768.jpg 768w, https:\/\/web.fs.uni-lj.si\/avio\/wp-content\/uploads\/2026\/03\/IMG_2723-1-scaled-e1773735562368.jpg 1353w\" sizes=\"auto, (max-width: 200px) 100vw, 200px\" \/>strok. sodelavec Ervin Klemen\u010di\u010d<\/strong><em><br \/>\n(+386) 1 4771 613<\/em><br \/>\n<em>ervin.klemencic@fs.uni-lj.si<\/em><\/p>\n<\/div>\n<\/div><\/div><\/div><div id=\"panel-35-1-0-5\" class=\"so-panel widget widget_sow-editor\" data-index=\"6\" ><div\n\t\t\t\n\t\t\tclass=\"so-widget-sow-editor so-widget-sow-editor-base\"\n\t\t\t\n\t\t>\n<div class=\"siteorigin-widget-tinymce textwidget\">\n\t<hr \/>\n<p>&nbsp;<\/p>\n<\/div>\n<\/div><\/div><div id=\"panel-35-1-0-6\" class=\"so-panel widget widget_sow-editor panel-last-child\" data-index=\"7\" ><div\n\t\t\t\n\t\t\tclass=\"so-widget-sow-editor so-widget-sow-editor-base\"\n\t\t\t\n\t\t>\n<div class=\"siteorigin-widget-tinymce textwidget\">\n\t<p><em><img loading=\"lazy\" decoding=\"async\" class=\"alignleft wp-image-988 size-full\" src=\"http:\/\/web.fs.uni-lj.si\/avio\/wp-content\/uploads\/2020\/01\/Teja-scaled-e1580197629459.jpg\" alt=\"\" width=\"200\" height=\"200\" \/>tajni\u0161tvo:<\/em><br \/>\n<strong>Teja Pirnat<\/strong><br \/>\n<em> (+386) 1 4771 610<\/em><br \/>\n<em>teja.pirnat@fs.uni-lj.si<\/em><\/p>\n<\/div>\n<\/div><\/div><\/div><\/div><div id=\"pg-35-2\"  class=\"panel-grid panel-no-style\" ><div id=\"pgc-35-2-0\"  class=\"panel-grid-cell\" ><div id=\"panel-35-2-0-0\" class=\"so-panel widget widget_sow-editor panel-first-child\" data-index=\"8\" ><div\n\t\t\t\n\t\t\tclass=\"so-widget-sow-editor so-widget-sow-editor-base\"\n\t\t\t\n\t\t>\n<div class=\"siteorigin-widget-tinymce textwidget\">\n\t<hr \/>\n<p>&nbsp;<\/p>\n<\/div>\n<\/div><\/div><div id=\"panel-35-2-0-1\" class=\"so-panel widget widget_sow-editor\" data-index=\"9\" ><div\n\t\t\t\n\t\t\tclass=\"so-widget-sow-editor so-widget-sow-editor-base\"\n\t\t\t\n\t\t>\n<div class=\"siteorigin-widget-tinymce textwidget\">\n\t<p style=\"text-align: center;\"><strong>Zunanji sodelavci:<\/strong><\/p>\n<p style=\"text-align: center;\">prof. dr. Vito Starc<br \/>\n<em>vito.starc@mf.uni-lj.si<\/em><\/p>\n<p style=\"text-align: center;\">izr. prof. dr. Patrick Vla\u010di\u010d<br \/>\n<em>patrick.vlacic@fpp.uni-lj.si<\/em><\/p>\n<p style=\"text-align: center;\">izr. prof. dr. Gregor Skok<br \/>\n<em>gregor.skok@fmf.uni-lj.si<\/em><\/p>\n<p style=\"text-align: center;\">asist. dr. Katarina Kosovelj<br \/>\n<em>katarina.kosovelj@fmf.uni-lj.si<\/em><\/p>\n<p style=\"text-align: center;\">pred. Toma\u017e Mrlak<br \/>\n<em>tmrlak@gmail.com<\/em><\/p>\n<p style=\"text-align: center;\">pred. Radivoj Kikelj<br \/>\n<em>radivoj.kikelj@fs.uni-lj.si<\/em><\/p>\n<\/div>\n<\/div><\/div><div id=\"panel-35-2-0-2\" class=\"so-panel widget widget_sow-editor panel-last-child\" data-index=\"10\" ><div\n\t\t\t\n\t\t\tclass=\"so-widget-sow-editor so-widget-sow-editor-base\"\n\t\t\t\n\t\t>\n<div class=\"siteorigin-widget-tinymce textwidget\">\n\t<hr \/>\n<p>&nbsp;<\/p>\n<\/div>\n<\/div><\/div><\/div><\/div><div id=\"pg-35-3\"  class=\"panel-grid panel-no-style\" ><div id=\"pgc-35-3-0\"  class=\"panel-grid-cell\" ><div id=\"panel-35-3-0-0\" class=\"so-panel widget widget_sow-editor panel-first-child panel-last-child\" data-index=\"11\" ><div\n\t\t\t\n\t\t\tclass=\"so-widget-sow-editor so-widget-sow-editor-base\"\n\t\t\t\n\t\t>\n<div class=\"siteorigin-widget-tinymce textwidget\">\n\t<p><a href=\"https:\/\/www.fs.uni-lj.si\/fakulteta_za_strojnistvo\/o_fakulteti\/katedre_in_laboratoriji\/laboratoriji\/2006012009590214\/\"><img loading=\"lazy\" decoding=\"async\" class=\"aligncenter wp-image-479\" src=\"http:\/\/web.fs.uni-lj.si\/avio\/wp-content\/uploads\/2017\/03\/FS-UNI-logo-150x150.jpg\" alt=\"\" width=\"200\" height=\"200\" srcset=\"https:\/\/web.fs.uni-lj.si\/avio\/wp-content\/uploads\/2017\/03\/FS-UNI-logo-150x150.jpg 150w, https:\/\/web.fs.uni-lj.si\/avio\/wp-content\/uploads\/2017\/03\/FS-UNI-logo-300x300.jpg 300w, https:\/\/web.fs.uni-lj.si\/avio\/wp-content\/uploads\/2017\/03\/FS-UNI-logo.jpg 600w\" sizes=\"auto, (max-width: 200px) 100vw, 200px\" \/><\/a><\/p>\n<\/div>\n<\/div><\/div><\/div><div id=\"pgc-35-3-1\"  class=\"panel-grid-cell\" ><div id=\"panel-35-3-1-0\" class=\"so-panel widget widget_sow-editor panel-first-child panel-last-child\" data-index=\"12\" ><div class=\"panel-widget-style panel-widget-style-for-35-3-1-0\" ><div\n\t\t\t\n\t\t\tclass=\"so-widget-sow-editor so-widget-sow-editor-base\"\n\t\t\t\n\t\t>\n<div class=\"siteorigin-widget-tinymce textwidget\">\n\t<p><em>Kontaktne informacije:<\/em><\/p>\n<ul class=\"contact_list\">\n<li class=\"home\" style=\"text-align: left;\">Laboratorij za aeronavtiko<br \/>\nFakulteta za strojni\u0161tvo,<br \/>\nA\u0161ker\u010deva 6<br \/>\n1000 Ljubljana<\/li>\n<li class=\"phone\" style=\"text-align: left;\">(+386) 1 4771 611<br \/>\n(+386) 1 4771 610 (tajni\u0161tvo)<\/li>\n<li class=\"mail\" style=\"text-align: left;\">igor.petrovic@fs.uni-lj.si<\/li>\n<\/ul>\n<\/div>\n<\/div><\/div><\/div><\/div><\/div><div id=\"pg-35-4\"  class=\"panel-grid panel-no-style\" ><div id=\"pgc-35-4-0\"  class=\"panel-grid-cell\" ><div id=\"panel-35-4-0-0\" class=\"so-panel widget widget_sow-editor panel-first-child panel-last-child\" data-index=\"13\" ><div\n\t\t\t\n\t\t\tclass=\"so-widget-sow-editor so-widget-sow-editor-base\"\n\t\t\t\n\t\t>\n<div class=\"siteorigin-widget-tinymce textwidget\">\n\t<hr \/>\n<p>&nbsp;<\/p>\n<\/div>\n<\/div><\/div><\/div><\/div><\/div>","protected":false},"excerpt":{"rendered":"<p>vi\u0161. pred. dr. Igor Petrovi\u0107 (+386) 1 4771 611 igor.petrovic@fs.uni-lj.si vi\u0161. pred. dr. Andrej Greben\u0161ek andrej.grebensek@fs.uni-lj.si asist. dr. Aleksej Majki\u0107 (+386) 1 4771 613 aleksej.majkic@fs.uni-lj.si asist. Peter Pipp (+386) 1 4771 613 peter.pipp@fs.uni-lj.si strok. sodelavec Ervin Klemen\u010di\u010d (+386) 1 4771 613 ervin.klemencic@fs.uni-lj.si &nbsp; tajni\u0161tvo: Teja Pirnat (+386) 1 4771 610 teja.pirnat@fs.uni-lj.si<\/p>\n","protected":false},"author":6,"featured_media":0,"parent":0,"menu_order":4,"comment_status":"closed","ping_status":"closed","template":"","meta":{"footnotes":""},"class_list":["post-35","page","type-page","status-publish","hentry"],"yoast_head":"<!-- This site is optimized with the Yoast SEO plugin v27.4 - https:\/\/yoast.com\/product\/yoast-seo-wordpress\/ -->\n<title>\u010clani laboratorija: &#8212; Laboratorij za aeronavtiko<\/title>\n<meta name=\"robots\" content=\"index, follow, max-snippet:-1, max-image-preview:large, max-video-preview:-1\" \/>\n<link rel=\"canonical\" href=\"https:\/\/web.fs.uni-lj.si\/avio\/kontakt\/\" \/>\n<meta property=\"og:locale\" content=\"sl_SI\" \/>\n<meta property=\"og:type\" content=\"article\" \/>\n<meta property=\"og:title\" content=\"\u010clani laboratorija: &#8212; Laboratorij za aeronavtiko\" \/>\n<meta property=\"og:description\" content=\"vi\u0161. pred. dr. Igor Petrovi\u0107 (+386) 1 4771 611 igor.petrovic@fs.uni-lj.si vi\u0161. pred. dr. Andrej Greben\u0161ek andrej.grebensek@fs.uni-lj.si asist. dr. Aleksej Majki\u0107 (+386) 1 4771 613 aleksej.majkic@fs.uni-lj.si asist. Peter Pipp (+386) 1 4771 613 peter.pipp@fs.uni-lj.si strok. sodelavec Ervin Klemen\u010di\u010d (+386) 1 4771 613 ervin.klemencic@fs.uni-lj.si &nbsp; tajni\u0161tvo: Teja Pirnat (+386) 1 4771 610 teja.pirnat@fs.uni-lj.si\" \/>\n<meta property=\"og:url\" content=\"https:\/\/web.fs.uni-lj.si\/avio\/kontakt\/\" \/>\n<meta property=\"og:site_name\" content=\"Laboratorij za aeronavtiko\" \/>\n<meta property=\"article:modified_time\" content=\"2026-03-17T08:24:27+00:00\" \/>\n<meta property=\"og:image\" content=\"https:\/\/web.fs.uni-lj.si\/avio\/wp-content\/uploads\/2022\/10\/Petrovic-Igor-8_square-scaled.jpg\" \/>\n\t<meta property=\"og:image:width\" content=\"2560\" \/>\n\t<meta property=\"og:image:height\" content=\"2560\" \/>\n\t<meta property=\"og:image:type\" content=\"image\/jpeg\" \/>\n<meta name=\"twitter:card\" content=\"summary_large_image\" \/>\n<script type=\"application\/ld+json\" class=\"yoast-schema-graph\">{\"@context\":\"https:\\\/\\\/schema.org\",\"@graph\":[{\"@type\":\"WebPage\",\"@id\":\"https:\\\/\\\/web.fs.uni-lj.si\\\/avio\\\/kontakt\\\/\",\"url\":\"https:\\\/\\\/web.fs.uni-lj.si\\\/avio\\\/kontakt\\\/\",\"name\":\"\u010clani laboratorija: &#8212; Laboratorij za aeronavtiko\",\"isPartOf\":{\"@id\":\"https:\\\/\\\/web.fs.uni-lj.si\\\/avio\\\/#website\"},\"primaryImageOfPage\":{\"@id\":\"https:\\\/\\\/web.fs.uni-lj.si\\\/avio\\\/kontakt\\\/#primaryimage\"},\"image\":{\"@id\":\"https:\\\/\\\/web.fs.uni-lj.si\\\/avio\\\/kontakt\\\/#primaryimage\"},\"thumbnailUrl\":\"https:\\\/\\\/web.fs.uni-lj.si\\\/avio\\\/wp-content\\\/uploads\\\/2022\\\/10\\\/Petrovic-Igor-8_square-300x300.jpg\",\"datePublished\":\"2017-03-01T09:01:54+00:00\",\"dateModified\":\"2026-03-17T08:24:27+00:00\",\"breadcrumb\":{\"@id\":\"https:\\\/\\\/web.fs.uni-lj.si\\\/avio\\\/kontakt\\\/#breadcrumb\"},\"inLanguage\":\"sl-SI\",\"potentialAction\":[{\"@type\":\"ReadAction\",\"target\":[\"https:\\\/\\\/web.fs.uni-lj.si\\\/avio\\\/kontakt\\\/\"]}]},{\"@type\":\"ImageObject\",\"inLanguage\":\"sl-SI\",\"@id\":\"https:\\\/\\\/web.fs.uni-lj.si\\\/avio\\\/kontakt\\\/#primaryimage\",\"url\":\"https:\\\/\\\/web.fs.uni-lj.si\\\/avio\\\/wp-content\\\/uploads\\\/2022\\\/10\\\/Petrovic-Igor-8_square-300x300.jpg\",\"contentUrl\":\"https:\\\/\\\/web.fs.uni-lj.si\\\/avio\\\/wp-content\\\/uploads\\\/2022\\\/10\\\/Petrovic-Igor-8_square-300x300.jpg\"},{\"@type\":\"BreadcrumbList\",\"@id\":\"https:\\\/\\\/web.fs.uni-lj.si\\\/avio\\\/kontakt\\\/#breadcrumb\",\"itemListElement\":[{\"@type\":\"ListItem\",\"position\":1,\"name\":\"Home\",\"item\":\"https:\\\/\\\/web.fs.uni-lj.si\\\/avio\\\/\"},{\"@type\":\"ListItem\",\"position\":2,\"name\":\"\u010clani laboratorija:\"}]},{\"@type\":\"WebSite\",\"@id\":\"https:\\\/\\\/web.fs.uni-lj.si\\\/avio\\\/#website\",\"url\":\"https:\\\/\\\/web.fs.uni-lj.si\\\/avio\\\/\",\"name\":\"Laboratorij za aeronavtiko\",\"description\":\"Oddelek za letalstvo, Fakulteta za strojni\u0161tvo, UL\",\"potentialAction\":[{\"@type\":\"SearchAction\",\"target\":{\"@type\":\"EntryPoint\",\"urlTemplate\":\"https:\\\/\\\/web.fs.uni-lj.si\\\/avio\\\/?s={search_term_string}\"},\"query-input\":{\"@type\":\"PropertyValueSpecification\",\"valueRequired\":true,\"valueName\":\"search_term_string\"}}],\"inLanguage\":\"sl-SI\"}]}<\/script>\n<!-- \/ Yoast SEO plugin. -->","yoast_head_json":{"title":"\u010clani laboratorija: &#8212; Laboratorij za aeronavtiko","robots":{"index":"index","follow":"follow","max-snippet":"max-snippet:-1","max-image-preview":"max-image-preview:large","max-video-preview":"max-video-preview:-1"},"canonical":"https:\/\/web.fs.uni-lj.si\/avio\/kontakt\/","og_locale":"sl_SI","og_type":"article","og_title":"\u010clani laboratorija: &#8212; Laboratorij za aeronavtiko","og_description":"vi\u0161. pred. dr. Igor Petrovi\u0107 (+386) 1 4771 611 igor.petrovic@fs.uni-lj.si vi\u0161. pred. dr. Andrej Greben\u0161ek andrej.grebensek@fs.uni-lj.si asist. dr. Aleksej Majki\u0107 (+386) 1 4771 613 aleksej.majkic@fs.uni-lj.si asist. Peter Pipp (+386) 1 4771 613 peter.pipp@fs.uni-lj.si strok. sodelavec Ervin Klemen\u010di\u010d (+386) 1 4771 613 ervin.klemencic@fs.uni-lj.si &nbsp; tajni\u0161tvo: Teja Pirnat (+386) 1 4771 610 teja.pirnat@fs.uni-lj.si","og_url":"https:\/\/web.fs.uni-lj.si\/avio\/kontakt\/","og_site_name":"Laboratorij za aeronavtiko","article_modified_time":"2026-03-17T08:24:27+00:00","og_image":[{"width":2560,"height":2560,"url":"https:\/\/web.fs.uni-lj.si\/avio\/wp-content\/uploads\/2022\/10\/Petrovic-Igor-8_square-scaled.jpg","type":"image\/jpeg"}],"twitter_card":"summary_large_image","schema":{"@context":"https:\/\/schema.org","@graph":[{"@type":"WebPage","@id":"https:\/\/web.fs.uni-lj.si\/avio\/kontakt\/","url":"https:\/\/web.fs.uni-lj.si\/avio\/kontakt\/","name":"\u010clani laboratorija: &#8212; Laboratorij za aeronavtiko","isPartOf":{"@id":"https:\/\/web.fs.uni-lj.si\/avio\/#website"},"primaryImageOfPage":{"@id":"https:\/\/web.fs.uni-lj.si\/avio\/kontakt\/#primaryimage"},"image":{"@id":"https:\/\/web.fs.uni-lj.si\/avio\/kontakt\/#primaryimage"},"thumbnailUrl":"https:\/\/web.fs.uni-lj.si\/avio\/wp-content\/uploads\/2022\/10\/Petrovic-Igor-8_square-300x300.jpg","datePublished":"2017-03-01T09:01:54+00:00","dateModified":"2026-03-17T08:24:27+00:00","breadcrumb":{"@id":"https:\/\/web.fs.uni-lj.si\/avio\/kontakt\/#breadcrumb"},"inLanguage":"sl-SI","potentialAction":[{"@type":"ReadAction","target":["https:\/\/web.fs.uni-lj.si\/avio\/kontakt\/"]}]},{"@type":"ImageObject","inLanguage":"sl-SI","@id":"https:\/\/web.fs.uni-lj.si\/avio\/kontakt\/#primaryimage","url":"https:\/\/web.fs.uni-lj.si\/avio\/wp-content\/uploads\/2022\/10\/Petrovic-Igor-8_square-300x300.jpg","contentUrl":"https:\/\/web.fs.uni-lj.si\/avio\/wp-content\/uploads\/2022\/10\/Petrovic-Igor-8_square-300x300.jpg"},{"@type":"BreadcrumbList","@id":"https:\/\/web.fs.uni-lj.si\/avio\/kontakt\/#breadcrumb","itemListElement":[{"@type":"ListItem","position":1,"name":"Home","item":"https:\/\/web.fs.uni-lj.si\/avio\/"},{"@type":"ListItem","position":2,"name":"\u010clani laboratorija:"}]},{"@type":"WebSite","@id":"https:\/\/web.fs.uni-lj.si\/avio\/#website","url":"https:\/\/web.fs.uni-lj.si\/avio\/","name":"Laboratorij za aeronavtiko","description":"Oddelek za letalstvo, Fakulteta za strojni\u0161tvo, UL","potentialAction":[{"@type":"SearchAction","target":{"@type":"EntryPoint","urlTemplate":"https:\/\/web.fs.uni-lj.si\/avio\/?s={search_term_string}"},"query-input":{"@type":"PropertyValueSpecification","valueRequired":true,"valueName":"search_term_string"}}],"inLanguage":"sl-SI"}]}},"_links":{"self":[{"href":"https:\/\/web.fs.uni-lj.si\/avio\/wp-json\/wp\/v2\/pages\/35","targetHints":{"allow":["GET"]}}],"collection":[{"href":"https:\/\/web.fs.uni-lj.si\/avio\/wp-json\/wp\/v2\/pages"}],"about":[{"href":"https:\/\/web.fs.uni-lj.si\/avio\/wp-json\/wp\/v2\/types\/page"}],"author":[{"embeddable":true,"href":"https:\/\/web.fs.uni-lj.si\/avio\/wp-json\/wp\/v2\/users\/6"}],"replies":[{"embeddable":true,"href":"https:\/\/web.fs.uni-lj.si\/avio\/wp-json\/wp\/v2\/comments?post=35"}],"version-history":[{"count":8,"href":"https:\/\/web.fs.uni-lj.si\/avio\/wp-json\/wp\/v2\/pages\/35\/revisions"}],"predecessor-version":[{"id":34086,"href":"https:\/\/web.fs.uni-lj.si\/avio\/wp-json\/wp\/v2\/pages\/35\/revisions\/34086"}],"wp:attachment":[{"href":"https:\/\/web.fs.uni-lj.si\/avio\/wp-json\/wp\/v2\/media?parent=35"}],"curies":[{"name":"wp","href":"https:\/\/api.w.org\/{rel}","templated":true}]}}