{"id":10093,"date":"2022-02-11T16:43:54","date_gmt":"2022-02-11T15:43:54","guid":{"rendered":"https:\/\/web.fs.uni-lj.si\/avio\/?page_id=10093"},"modified":"2023-01-30T09:11:43","modified_gmt":"2023-01-30T08:11:43","slug":"drugi-ppla-teoreticni-tecaj","status":"publish","type":"page","link":"https:\/\/web.fs.uni-lj.si\/avio\/ppla-teoreticni-tecaj\/drugi-ppla-teoreticni-tecaj\/","title":{"rendered":"Drugi PPL(A) teoreti\u010dni te\u010daj"},"content":{"rendered":"<p>Od 11.1.2023 poteka drugi teoreti\u010dni PPL(A) te\u010daj, katerega izvajamo skupaj s SV. <\/p>\n\n\n\n<p>Intenzivni 100 urni te\u010daj bo predvidoma potekal do maja, trajanje bo odvisno od obveznosti \u0161tudentov in predavateljev.<\/p>\n\n\n\n<p>V kolikor bi se nam pridru\u017eili pri naslednjih teoreti\u010dnih PPL(A) te\u010dajih, po\u0161ljite kontaktne podatke na igor.petrovic@fs.uni-lj.si.<\/p>","protected":false},"excerpt":{"rendered":"<p>Od 11.1.2023 poteka drugi teoreti\u010dni PPL(A) te\u010daj, katerega izvajamo skupaj s SV. Intenzivni 100 urni te\u010daj bo predvidoma potekal do maja, trajanje bo odvisno od obveznosti \u0161tudentov in predavateljev. V kolikor bi se nam pridru\u017eili pri naslednjih teoreti\u010dnih PPL(A) te\u010dajih, po\u0161ljite kontaktne podatke na igor.petrovic@fs.uni-lj.si.<\/p>\n","protected":false},"author":4,"featured_media":0,"parent":7451,"menu_order":0,"comment_status":"closed","ping_status":"closed","template":"","meta":{"footnotes":""},"class_list":["post-10093","page","type-page","status-publish","hentry"],"yoast_head":"<!-- This site is optimized with the Yoast SEO plugin v27.5 - https:\/\/yoast.com\/product\/yoast-seo-wordpress\/ -->\n<title>Drugi PPL(A) teoreti\u010dni te\u010daj &#8212; Laboratorij za aeronavtiko<\/title>\n<meta name=\"description\" content=\"Zbiramo predprijave za izvedbo teoreti\u010dnega PPL te\u010daja za \u0161portnega pilota letala.\" \/>\n<meta name=\"robots\" content=\"index, follow, max-snippet:-1, max-image-preview:large, max-video-preview:-1\" \/>\n<link rel=\"canonical\" href=\"https:\/\/web.fs.uni-lj.si\/avio\/ppla-teoreticni-tecaj\/drugi-ppla-teoreticni-tecaj\/\" \/>\n<meta property=\"og:locale\" content=\"sl_SI\" \/>\n<meta property=\"og:type\" content=\"article\" \/>\n<meta property=\"og:title\" content=\"Drugi PPL(A) teoreti\u010dni te\u010daj &#8212; Laboratorij za aeronavtiko\" \/>\n<meta property=\"og:description\" content=\"Zbiramo predprijave za izvedbo teoreti\u010dnega PPL te\u010daja za \u0161portnega pilota letala.\" \/>\n<meta property=\"og:url\" content=\"https:\/\/web.fs.uni-lj.si\/avio\/ppla-teoreticni-tecaj\/drugi-ppla-teoreticni-tecaj\/\" \/>\n<meta property=\"og:site_name\" content=\"Laboratorij za aeronavtiko\" \/>\n<meta property=\"article:modified_time\" content=\"2023-01-30T08:11:43+00:00\" \/>\n<meta name=\"twitter:card\" content=\"summary_large_image\" \/>\n<script type=\"application\/ld+json\" class=\"yoast-schema-graph\">{\"@context\":\"https:\\\/\\\/schema.org\",\"@graph\":[{\"@type\":\"WebPage\",\"@id\":\"https:\\\/\\\/web.fs.uni-lj.si\\\/avio\\\/ppla-teoreticni-tecaj\\\/drugi-ppla-teoreticni-tecaj\\\/\",\"url\":\"https:\\\/\\\/web.fs.uni-lj.si\\\/avio\\\/ppla-teoreticni-tecaj\\\/drugi-ppla-teoreticni-tecaj\\\/\",\"name\":\"Drugi PPL(A) teoreti\u010dni te\u010daj &#8212; Laboratorij za aeronavtiko\",\"isPartOf\":{\"@id\":\"https:\\\/\\\/web.fs.uni-lj.si\\\/avio\\\/#website\"},\"datePublished\":\"2022-02-11T15:43:54+00:00\",\"dateModified\":\"2023-01-30T08:11:43+00:00\",\"description\":\"Zbiramo predprijave za izvedbo teoreti\u010dnega PPL te\u010daja za \u0161portnega pilota letala.\",\"breadcrumb\":{\"@id\":\"https:\\\/\\\/web.fs.uni-lj.si\\\/avio\\\/ppla-teoreticni-tecaj\\\/drugi-ppla-teoreticni-tecaj\\\/#breadcrumb\"},\"inLanguage\":\"sl-SI\",\"potentialAction\":[{\"@type\":\"ReadAction\",\"target\":[\"https:\\\/\\\/web.fs.uni-lj.si\\\/avio\\\/ppla-teoreticni-tecaj\\\/drugi-ppla-teoreticni-tecaj\\\/\"]}]},{\"@type\":\"BreadcrumbList\",\"@id\":\"https:\\\/\\\/web.fs.uni-lj.si\\\/avio\\\/ppla-teoreticni-tecaj\\\/drugi-ppla-teoreticni-tecaj\\\/#breadcrumb\",\"itemListElement\":[{\"@type\":\"ListItem\",\"position\":1,\"name\":\"Home\",\"item\":\"https:\\\/\\\/web.fs.uni-lj.si\\\/avio\\\/\"},{\"@type\":\"ListItem\",\"position\":2,\"name\":\"PPL(A) teoreti\u010dni te\u010daj\",\"item\":\"https:\\\/\\\/web.fs.uni-lj.si\\\/avio\\\/ppla-teoreticni-tecaj\\\/\"},{\"@type\":\"ListItem\",\"position\":3,\"name\":\"Drugi PPL(A) teoreti\u010dni te\u010daj\"}]},{\"@type\":\"WebSite\",\"@id\":\"https:\\\/\\\/web.fs.uni-lj.si\\\/avio\\\/#website\",\"url\":\"https:\\\/\\\/web.fs.uni-lj.si\\\/avio\\\/\",\"name\":\"Laboratorij za aeronavtiko\",\"description\":\"Oddelek za letalstvo, Fakulteta za strojni\u0161tvo, UL\",\"potentialAction\":[{\"@type\":\"SearchAction\",\"target\":{\"@type\":\"EntryPoint\",\"urlTemplate\":\"https:\\\/\\\/web.fs.uni-lj.si\\\/avio\\\/?s={search_term_string}\"},\"query-input\":{\"@type\":\"PropertyValueSpecification\",\"valueRequired\":true,\"valueName\":\"search_term_string\"}}],\"inLanguage\":\"sl-SI\"}]}<\/script>\n<!-- \/ Yoast SEO plugin. -->","yoast_head_json":{"title":"Drugi PPL(A) teoreti\u010dni te\u010daj &#8212; Laboratorij za aeronavtiko","description":"Zbiramo predprijave za izvedbo teoreti\u010dnega PPL te\u010daja za \u0161portnega pilota letala.","robots":{"index":"index","follow":"follow","max-snippet":"max-snippet:-1","max-image-preview":"max-image-preview:large","max-video-preview":"max-video-preview:-1"},"canonical":"https:\/\/web.fs.uni-lj.si\/avio\/ppla-teoreticni-tecaj\/drugi-ppla-teoreticni-tecaj\/","og_locale":"sl_SI","og_type":"article","og_title":"Drugi PPL(A) teoreti\u010dni te\u010daj &#8212; Laboratorij za aeronavtiko","og_description":"Zbiramo predprijave za izvedbo teoreti\u010dnega PPL te\u010daja za \u0161portnega pilota letala.","og_url":"https:\/\/web.fs.uni-lj.si\/avio\/ppla-teoreticni-tecaj\/drugi-ppla-teoreticni-tecaj\/","og_site_name":"Laboratorij za aeronavtiko","article_modified_time":"2023-01-30T08:11:43+00:00","twitter_card":"summary_large_image","schema":{"@context":"https:\/\/schema.org","@graph":[{"@type":"WebPage","@id":"https:\/\/web.fs.uni-lj.si\/avio\/ppla-teoreticni-tecaj\/drugi-ppla-teoreticni-tecaj\/","url":"https:\/\/web.fs.uni-lj.si\/avio\/ppla-teoreticni-tecaj\/drugi-ppla-teoreticni-tecaj\/","name":"Drugi PPL(A) teoreti\u010dni te\u010daj &#8212; Laboratorij za aeronavtiko","isPartOf":{"@id":"https:\/\/web.fs.uni-lj.si\/avio\/#website"},"datePublished":"2022-02-11T15:43:54+00:00","dateModified":"2023-01-30T08:11:43+00:00","description":"Zbiramo predprijave za izvedbo teoreti\u010dnega PPL te\u010daja za \u0161portnega pilota letala.","breadcrumb":{"@id":"https:\/\/web.fs.uni-lj.si\/avio\/ppla-teoreticni-tecaj\/drugi-ppla-teoreticni-tecaj\/#breadcrumb"},"inLanguage":"sl-SI","potentialAction":[{"@type":"ReadAction","target":["https:\/\/web.fs.uni-lj.si\/avio\/ppla-teoreticni-tecaj\/drugi-ppla-teoreticni-tecaj\/"]}]},{"@type":"BreadcrumbList","@id":"https:\/\/web.fs.uni-lj.si\/avio\/ppla-teoreticni-tecaj\/drugi-ppla-teoreticni-tecaj\/#breadcrumb","itemListElement":[{"@type":"ListItem","position":1,"name":"Home","item":"https:\/\/web.fs.uni-lj.si\/avio\/"},{"@type":"ListItem","position":2,"name":"PPL(A) teoreti\u010dni te\u010daj","item":"https:\/\/web.fs.uni-lj.si\/avio\/ppla-teoreticni-tecaj\/"},{"@type":"ListItem","position":3,"name":"Drugi PPL(A) teoreti\u010dni te\u010daj"}]},{"@type":"WebSite","@id":"https:\/\/web.fs.uni-lj.si\/avio\/#website","url":"https:\/\/web.fs.uni-lj.si\/avio\/","name":"Laboratorij za aeronavtiko","description":"Oddelek za letalstvo, Fakulteta za strojni\u0161tvo, UL","potentialAction":[{"@type":"SearchAction","target":{"@type":"EntryPoint","urlTemplate":"https:\/\/web.fs.uni-lj.si\/avio\/?s={search_term_string}"},"query-input":{"@type":"PropertyValueSpecification","valueRequired":true,"valueName":"search_term_string"}}],"inLanguage":"sl-SI"}]}},"_links":{"self":[{"href":"https:\/\/web.fs.uni-lj.si\/avio\/wp-json\/wp\/v2\/pages\/10093","targetHints":{"allow":["GET"]}}],"collection":[{"href":"https:\/\/web.fs.uni-lj.si\/avio\/wp-json\/wp\/v2\/pages"}],"about":[{"href":"https:\/\/web.fs.uni-lj.si\/avio\/wp-json\/wp\/v2\/types\/page"}],"author":[{"embeddable":true,"href":"https:\/\/web.fs.uni-lj.si\/avio\/wp-json\/wp\/v2\/users\/4"}],"replies":[{"embeddable":true,"href":"https:\/\/web.fs.uni-lj.si\/avio\/wp-json\/wp\/v2\/comments?post=10093"}],"version-history":[{"count":4,"href":"https:\/\/web.fs.uni-lj.si\/avio\/wp-json\/wp\/v2\/pages\/10093\/revisions"}],"predecessor-version":[{"id":20592,"href":"https:\/\/web.fs.uni-lj.si\/avio\/wp-json\/wp\/v2\/pages\/10093\/revisions\/20592"}],"up":[{"embeddable":true,"href":"https:\/\/web.fs.uni-lj.si\/avio\/wp-json\/wp\/v2\/pages\/7451"}],"wp:attachment":[{"href":"https:\/\/web.fs.uni-lj.si\/avio\/wp-json\/wp\/v2\/media?parent=10093"}],"curies":[{"name":"wp","href":"https:\/\/api.w.org\/{rel}","templated":true}]}}